CRAN Package Check Results for Package BMTME

Last updated on 2020-03-27 00:49:16 CET.

Flavor Version Tinstall Tcheck Ttotal Status Flags
r-devel-linux-x86_64-debian-clang 1.0.12 34.81 45.48 80.29 OK --no-tests
r-devel-linux-x86_64-debian-gcc 1.0.12 25.07 34.39 59.46 OK --no-tests
r-devel-linux-x86_64-fedora-clang 1.0.12 109.49 OK --no-tests --no-vignettes
r-devel-linux-x86_64-fedora-gcc 1.0.12 98.36 OK --no-tests --no-vignettes
r-devel-windows-ix86+x86_64 1.0.12 78.00 136.00 214.00 ERROR
r-devel-windows-ix86+x86_64-gcc8 1.0.12 72.00 142.00 214.00 OK
r-patched-linux-x86_64 1.0.12 29.64 39.66 69.30 OK --no-tests
r-patched-solaris-x86 1.0.12 176.40 ERROR
r-release-linux-x86_64 1.0.12 28.08 39.90 67.98 OK --no-tests
r-release-windows-ix86+x86_64 1.0.12 109.00 188.00 297.00 OK
r-release-osx-x86_64 1.0.12 OK
r-oldrel-windows-ix86+x86_64 1.0.12 89.00 209.00 298.00 OK
r-oldrel-osx-x86_64 1.0.12 OK

Check Details

Version: 1.0.12
Check: running tests for arch ‘i386’
Result: ERROR
     Running 'testthat.R' [31s]
    Running the tests in 'tests/testthat.R' failed.
    Complete output:
     > library(testthat)
     > library(BMTME)
     >
     > test_check("BMTME")
     -- 1. Failure: RandomPartition (@test.R#52) -----------------------------------
     RP_Test$Environments inherits from `character` not `factor`.
    
     -- 2. Failure: RandomPartition (@test.R#72) -----------------------------------
     RP_Test2$Traits inherits from `character` not `factor`.
    
     == testthat results ===========================================================
     [ OK: 164 | SKIPPED: 0 | WARNINGS: 0 | FAILED: 2 ]
     1. Failure: RandomPartition (@test.R#52)
     2. Failure: RandomPartition (@test.R#72)
    
     Error: testthat unit tests failed
     Execution halted
Flavor: r-devel-windows-ix86+x86_64

Version: 1.0.12
Check: running tests for arch ‘x64’
Result: ERROR
     Running 'testthat.R' [29s]
    Running the tests in 'tests/testthat.R' failed.
    Complete output:
     > library(testthat)
     > library(BMTME)
     >
     > test_check("BMTME")
     -- 1. Failure: RandomPartition (@test.R#52) -----------------------------------
     RP_Test$Environments inherits from `character` not `factor`.
    
     -- 2. Failure: RandomPartition (@test.R#72) -----------------------------------
     RP_Test2$Traits inherits from `character` not `factor`.
    
     == testthat results ===========================================================
     [ OK: 164 | SKIPPED: 0 | WARNINGS: 0 | FAILED: 2 ]
     1. Failure: RandomPartition (@test.R#52)
     2. Failure: RandomPartition (@test.R#72)
    
     Error: testthat unit tests failed
     Execution halted
Flavor: r-devel-windows-ix86+x86_64

Version: 1.0.12
Check: tests
Result: ERROR
     Running ‘testthat.R’ [63s/69s]
    Running the tests in ‘tests/testthat.R’ failed.
    Complete output:
     > library(testthat)
     > library(BMTME)
     >
     > test_check("BMTME")
     ── 1. Failure: RandomPartition (@test.R#52) ───────────────────────────────────
     RP_Test$Environments inherits from `character` not `factor`.
    
     ── 2. Failure: RandomPartition (@test.R#72) ───────────────────────────────────
     RP_Test2$Traits inherits from `character` not `factor`.
    
     ══ testthat results ═══════════════════════════════════════════════════════════
     [ OK: 164 | SKIPPED: 0 | WARNINGS: 0 | FAILED: 2 ]
     1. Failure: RandomPartition (@test.R#52)
     2. Failure: RandomPartition (@test.R#72)
    
     Error: testthat unit tests failed
     Execution halted
Flavor: r-patched-solaris-x86