Last updated on 2020-03-27 00:49:15 CET.
Flavor | Version | Tinstall | Tcheck | Ttotal | Status | Flags |
---|---|---|---|---|---|---|
r-devel-linux-x86_64-debian-clang | 1.0-4 | 211.39 | 158.43 | 369.82 | OK | |
r-devel-linux-x86_64-debian-gcc | 1.0-4 | 137.78 | 112.79 | 250.57 | OK | |
r-devel-linux-x86_64-fedora-clang | 1.0-4 | 475.17 | NOTE | |||
r-devel-linux-x86_64-fedora-gcc | 1.0-4 | 398.59 | OK | |||
r-devel-windows-ix86+x86_64 | 1.0-4 | 305.00 | 176.00 | 481.00 | NOTE | |
r-devel-windows-ix86+x86_64-gcc8 | 1.0-4 | 335.00 | 164.00 | 499.00 | NOTE | |
r-patched-linux-x86_64 | 1.0-4 | 156.15 | 129.67 | 285.82 | OK | |
r-patched-solaris-x86 | 1.0-4 | 396.90 | OK | |||
r-release-linux-x86_64 | 1.0-4 | 156.23 | 129.61 | 285.84 | OK | |
r-release-windows-ix86+x86_64 | 1.0-4 | 432.00 | 234.00 | 666.00 | NOTE | |
r-release-osx-x86_64 | 1.0-4 | NOTE | ||||
r-oldrel-windows-ix86+x86_64 | 1.0-4 | 426.00 | 232.00 | 658.00 | NOTE | |
r-oldrel-osx-x86_64 | 1.0-4 | NOTE |
Version: 1.0-4
Check: installed package size
Result: NOTE
installed size is 17.8Mb
sub-directories of 1Mb or more:
data 1.5Mb
libs 15.5Mb
Flavors: r-devel-linux-x86_64-fedora-clang, r-devel-windows-ix86+x86_64, r-devel-windows-ix86+x86_64-gcc8, r-release-windows-ix86+x86_64, r-release-osx-x86_64, r-oldrel-windows-ix86+x86_64, r-oldrel-osx-x86_64