CRAN Package Check Results for Package BayesValidate

Last updated on 2020-03-27 00:49:15 CET.

Flavor Version Tinstall Tcheck Ttotal Status Flags
r-devel-linux-x86_64-debian-clang 0.0 1.89 18.42 20.31 NOTE
r-devel-linux-x86_64-debian-gcc 0.0 1.45 14.64 16.09 NOTE
r-devel-linux-x86_64-fedora-clang 0.0 27.03 NOTE
r-devel-linux-x86_64-fedora-gcc 0.0 24.16 NOTE
r-devel-windows-ix86+x86_64 0.0 5.00 40.00 45.00 NOTE
r-devel-windows-ix86+x86_64-gcc8 0.0 4.00 26.00 30.00 NOTE
r-patched-linux-x86_64 0.0 1.27 16.73 18.00 NOTE
r-patched-solaris-x86 0.0 38.70 NOTE
r-release-linux-x86_64 0.0 1.36 16.84 18.20 NOTE
r-release-windows-ix86+x86_64 0.0 4.00 39.00 43.00 NOTE
r-release-osx-x86_64 0.0 NOTE
r-oldrel-windows-ix86+x86_64 0.0 2.00 24.00 26.00 NOTE
r-oldrel-osx-x86_64 0.0 NOTE

Check Details

Version: 0.0
Check: R code for possible problems
Result: NOTE
    validate: no visible binding for global variable 'qnorm'
    validate: no visible global function definition for 'pchisq'
    validate: no visible global function definition for 'qnorm'
    validate: no visible global function definition for 'axis'
    validate: no visible global function definition for 'points'
    validate: no visible global function definition for 'abline'
    Undefined global functions or variables:
     abline axis pchisq points qnorm
    Consider adding
     importFrom("graphics", "abline", "axis", "points")
     importFrom("stats", "pchisq", "qnorm")
    to your NAMESPACE file.
Flavors: r-devel-linux-x86_64-debian-clang, r-devel-linux-x86_64-debian-gcc, r-devel-linux-x86_64-fedora-clang, r-devel-linux-x86_64-fedora-gcc, r-devel-windows-ix86+x86_64, r-patched-solaris-x86

Version: 0.0
Check: R code for possible problems
Result: NOTE
    validate: no visible binding for global variable 'qnorm'
    validate: no visible global function definition for 'pchisq'
    validate: no visible global function definition for 'qnorm'
    validate: no visible global function definition for 'plot'
    validate: no visible global function definition for 'axis'
    validate: no visible global function definition for 'points'
    validate: no visible global function definition for 'abline'
    Undefined global functions or variables:
     abline axis pchisq plot points qnorm
    Consider adding
     importFrom("graphics", "abline", "axis", "plot", "points")
     importFrom("stats", "pchisq", "qnorm")
    to your NAMESPACE file.
Flavors: r-devel-windows-ix86+x86_64-gcc8, r-patched-linux-x86_64, r-release-linux-x86_64, r-release-windows-ix86+x86_64, r-release-osx-x86_64, r-oldrel-windows-ix86+x86_64, r-oldrel-osx-x86_64