Last updated on 2020-03-27 00:49:16 CET.
Flavor | Version | Tinstall | Tcheck | Ttotal | Status | Flags |
---|---|---|---|---|---|---|
r-devel-linux-x86_64-debian-clang | 0.4 | 59.41 | 185.74 | 245.15 | OK | |
r-devel-linux-x86_64-debian-gcc | 0.4 | 44.24 | 139.81 | 184.05 | OK | |
r-devel-linux-x86_64-fedora-clang | 0.4 | 315.05 | OK | |||
r-devel-linux-x86_64-fedora-gcc | 0.4 | 298.97 | OK | |||
r-devel-windows-ix86+x86_64 | 0.4 | 102.00 | 245.00 | 347.00 | OK | |
r-devel-windows-ix86+x86_64-gcc8 | 0.4 | 120.00 | 257.00 | 377.00 | OK | |
r-patched-linux-x86_64 | 0.4 | 54.26 | 166.12 | 220.38 | OK | |
r-release-linux-x86_64 | 0.4 | 49.88 | 163.95 | 213.83 | OK | |
r-release-windows-ix86+x86_64 | 0.4 | 145.00 | 345.00 | 490.00 | OK | |
r-release-osx-x86_64 | 0.4 | WARN | ||||
r-oldrel-windows-ix86+x86_64 | 0.4 | 126.00 | 312.00 | 438.00 | OK | |
r-oldrel-osx-x86_64 | 0.4 | WARN |
Version: 0.4
Check: whether package can be installed
Result: WARN
Found the following significant warnings:
Warning: 'rgl_init' failed, running with rgl.useNULL = TRUE
Flavors: r-release-osx-x86_64, r-oldrel-osx-x86_64