CRAN Package Check Results for Package Buddle

Last updated on 2020-03-27 00:49:17 CET.

Flavor Version Tinstall Tcheck Ttotal Status Flags
r-devel-linux-x86_64-debian-clang 2.0.1 44.79 28.13 72.92 OK
r-devel-linux-x86_64-debian-gcc 2.0.1 32.73 23.89 56.62 OK
r-devel-linux-x86_64-fedora-clang 2.0.1 106.87 OK
r-devel-linux-x86_64-fedora-gcc 2.0.1 96.54 OK
r-devel-windows-ix86+x86_64 2.0.1 80.00 62.00 142.00 OK
r-devel-windows-ix86+x86_64-gcc8 2.0.1 90.00 66.00 156.00 OK
r-patched-linux-x86_64 2.0.1 36.20 27.63 63.83 OK
r-patched-solaris-x86 2.0.1 99.00 OK
r-release-linux-x86_64 2.0.1 37.81 27.55 65.36 OK
r-release-windows-ix86+x86_64 2.0.1 105.00 83.00 188.00 OK
r-release-osx-x86_64 2.0.1 NOTE
r-oldrel-windows-ix86+x86_64 2.0.1 104.00 84.00 188.00 OK
r-oldrel-osx-x86_64 2.0.1 NOTE

Check Details

Version: 2.0.1
Check: installed package size
Result: NOTE
     installed size is 5.3Mb
     sub-directories of 1Mb or more:
     libs 5.1Mb
Flavors: r-release-osx-x86_64, r-oldrel-osx-x86_64