CRAN Package Check Results for Package CBDA

Last updated on 2020-03-27 00:49:17 CET.

Flavor Version Tinstall Tcheck Ttotal Status Flags
r-devel-linux-x86_64-debian-clang 1.0.0 4.01 278.83 282.84 OK
r-devel-linux-x86_64-debian-gcc 1.0.0 3.85 235.89 239.74 OK
r-devel-linux-x86_64-fedora-clang 1.0.0 337.54 NOTE
r-devel-linux-x86_64-fedora-gcc 1.0.0 351.54 NOTE
r-devel-windows-ix86+x86_64 1.0.0 11.00 239.00 250.00 OK
r-devel-windows-ix86+x86_64-gcc8 1.0.0 8.00 238.00 246.00 OK
r-patched-linux-x86_64 1.0.0 3.98 262.46 266.44 OK
r-patched-solaris-x86 1.0.0 664.00 NOTE
r-release-linux-x86_64 1.0.0 4.39 274.12 278.51 OK
r-release-windows-ix86+x86_64 1.0.0 13.00 300.00 313.00 OK
r-release-osx-x86_64 1.0.0 NOTE
r-oldrel-windows-ix86+x86_64 1.0.0 10.00 351.00 361.00 WARN
r-oldrel-osx-x86_64 1.0.0 NOTE

Check Details

Version: 1.0.0
Check: dependencies in R code
Result: NOTE
    Namespace in Imports field not imported from: ‘prettydoc’
     All declared Imports should be used.
Flavors: r-devel-linux-x86_64-fedora-clang, r-devel-linux-x86_64-fedora-gcc, r-patched-solaris-x86, r-release-osx-x86_64, r-oldrel-osx-x86_64

Version: 1.0.0
Check: re-building of vignette outputs
Result: WARN
    Error in re-building vignettes:
     ...
    pandoc.exe: Could not fetch https://user-images.githubusercontent.com/18661302/36390508-48619ece-1571-11e8-8ae3-96ad91d42ff0.jpg
    HttpExceptionRequest Request {
     host = "user-images.githubusercontent.com"
     port = 443
     secure = True
     requestHeaders = []
     path = "/18661302/36390508-48619ece-1571-11e8-8ae3-96ad91d42ff0.jpg"
     queryString = ""
     method = "GET"
     proxy = Nothing
     rawBody = False
     redirectCount = 10
     responseTimeout = ResponseTimeoutDefault
     requestVersion = HTTP/1.1
    }
     ResponseTimeout
    Error: processing vignette 'Guide-to-CBDA.Rmd' failed with diagnostics:
    pandoc document conversion failed with error 67
    Execution halted
Flavor: r-oldrel-windows-ix86+x86_64