Last updated on 2020-03-27 00:49:17 CET.
Flavor | Version | Tinstall | Tcheck | Ttotal | Status | Flags |
---|---|---|---|---|---|---|
r-devel-linux-x86_64-debian-clang | 3.0.3 | 14.04 | 186.62 | 200.66 | OK | |
r-devel-linux-x86_64-debian-gcc | 3.0.3 | 12.19 | 141.20 | 153.39 | OK | |
r-devel-linux-x86_64-fedora-clang | 3.0.3 | 136.65 | OK | |||
r-devel-linux-x86_64-fedora-gcc | 3.0.3 | 221.03 | OK | |||
r-devel-windows-ix86+x86_64 | 3.0.2 | 29.00 | 256.00 | 285.00 | OK | |
r-devel-windows-ix86+x86_64-gcc8 | 3.0.1 | 26.00 | 310.00 | 336.00 | OK | |
r-patched-linux-x86_64 | 3.0.3 | 11.67 | 162.60 | 174.27 | OK | |
r-patched-solaris-x86 | 3.0.3 | 332.30 | OK | |||
r-release-linux-x86_64 | 3.0.3 | 11.78 | 164.29 | 176.07 | OK | |
r-release-windows-ix86+x86_64 | 3.0.3 | 39.00 | 312.00 | 351.00 | OK | |
r-release-osx-x86_64 | 3.0.3 | OK | ||||
r-oldrel-osx-x86_64 | 3.0.3 | ERROR |
Version: 3.0.3
Check: whether package can be installed
Result: ERROR
Installation failed.
Flavor: r-oldrel-osx-x86_64