CRAN Package Check Results for Package CNVScope

Last updated on 2020-03-27 00:49:17 CET.

Flavor Version Tinstall Tcheck Ttotal Status Flags
r-devel-linux-x86_64-debian-clang 2.9.4 46.34 640.17 686.51 OK
r-devel-linux-x86_64-debian-gcc 2.9.4 39.02 488.92 527.94 OK
r-devel-linux-x86_64-fedora-clang 2.9.4 877.15 NOTE
r-devel-linux-x86_64-fedora-gcc 2.9.4 868.23 OK
r-devel-windows-ix86+x86_64 2.9.4 8.00 6.00 14.00 ERROR
r-devel-windows-ix86+x86_64-gcc8 2.9.4 125.00 585.00 710.00 OK
r-patched-linux-x86_64 2.9.4 40.39 549.43 589.82 OK
r-patched-solaris-x86 2.9.4 1298.70 NOTE
r-release-linux-x86_64 2.9.4 39.84 546.48 586.32 OK
r-release-windows-ix86+x86_64 2.9.4 141.00 821.00 962.00 OK
r-release-osx-x86_64 2.9.4 ERROR
r-oldrel-windows-ix86+x86_64 2.9.4 125.00 642.00 767.00 OK
r-oldrel-osx-x86_64 2.9.4 ERROR

Check Details

Version: 2.9.4
Check: package dependencies
Result: NOTE
    Imports includes 42 non-default packages.
    Importing from so many packages makes the package vulnerable to any of
    them becoming unavailable. Move as many as possible to Suggests and
    use conditionally.
Flavor: r-devel-linux-x86_64-fedora-clang

Version: 2.9.4
Check: whether package can be installed
Result: ERROR
    Installation failed.
Flavor: r-devel-windows-ix86+x86_64

Version: 2.9.4
Check: installed package size
Result: NOTE
     installed size is 5.2Mb
     sub-directories of 1Mb or more:
     doc 3.1Mb
     extdata 1.8Mb
Flavor: r-patched-solaris-x86

Version: 2.9.4
Check: package dependencies
Result: ERROR
    Packages required but not available:
     'InteractionSet', 'GenomicInteractions',
     'BSgenome.Hsapiens.UCSC.hg19'
    
    See section ‘The DESCRIPTION file’ in the ‘Writing R Extensions’
    manual.
Flavor: r-release-osx-x86_64

Version: 2.9.4
Check: package dependencies
Result: ERROR
    Packages required but not available:
     ‘InteractionSet’ ‘GenomicFeatures’ ‘GenomicInteractions’
     ‘rtracklayer’ ‘BSgenome.Hsapiens.UCSC.hg19’
    
    See section ‘The DESCRIPTION file’ in the ‘Writing R Extensions’
    manual.
Flavor: r-oldrel-osx-x86_64