Last updated on 2020-03-27 00:49:17 CET.
Flavor | Version | Tinstall | Tcheck | Ttotal | Status | Flags |
---|---|---|---|---|---|---|
r-devel-linux-x86_64-debian-clang | 5.2.12 | 7.11 | 120.60 | 127.71 | OK | |
r-devel-linux-x86_64-debian-gcc | 5.2.12 | 5.71 | 93.59 | 99.30 | OK | |
r-devel-linux-x86_64-fedora-clang | 5.2.12 | 153.60 | OK | |||
r-devel-linux-x86_64-fedora-gcc | 5.2.12 | 153.36 | OK | |||
r-devel-windows-ix86+x86_64 | 5.2.12 | 12.00 | 134.00 | 146.00 | OK | |
r-devel-windows-ix86+x86_64-gcc8 | 5.2.12 | 12.00 | 134.00 | 146.00 | OK | |
r-patched-linux-x86_64 | 5.2.12 | 6.62 | 112.22 | 118.84 | OK | |
r-patched-solaris-x86 | 5.2.12 | 161.80 | OK | |||
r-release-linux-x86_64 | 5.2.12 | 5.16 | 112.95 | 118.11 | OK | |
r-release-windows-ix86+x86_64 | 5.2.12 | 17.00 | 220.00 | 237.00 | OK | |
r-release-osx-x86_64 | 5.2.12 | NOTE | ||||
r-oldrel-windows-ix86+x86_64 | 5.2.12 | 14.00 | 169.00 | 183.00 | OK | |
r-oldrel-osx-x86_64 | 5.2.12 | NOTE |
Version: 5.2.12
Check: dependencies in R code
Result: NOTE
No protocol specified
Flavors: r-release-osx-x86_64, r-oldrel-osx-x86_64