Last updated on 2020-03-27 00:49:17 CET.
Flavor | Version | Tinstall | Tcheck | Ttotal | Status | Flags |
---|---|---|---|---|---|---|
r-devel-linux-x86_64-debian-clang | 1.2.1 | 65.50 | 197.13 | 262.63 | OK | |
r-devel-linux-x86_64-debian-gcc | 1.2.1 | 50.03 | 140.77 | 190.80 | OK | |
r-devel-linux-x86_64-fedora-clang | 1.2.1 | 343.59 | NOTE | |||
r-devel-linux-x86_64-fedora-gcc | 1.2.1 | 304.52 | OK | |||
r-devel-windows-ix86+x86_64 | 1.2.1 | 106.00 | 249.00 | 355.00 | OK | |
r-devel-windows-ix86+x86_64-gcc8 | 1.2.1 | 114.00 | 219.00 | 333.00 | OK | |
r-patched-linux-x86_64 | 1.2.1 | 49.79 | 165.50 | 215.29 | OK | |
r-patched-solaris-x86 | 1.2.1 | 469.40 | WARN | |||
r-release-linux-x86_64 | 1.2.1 | 56.55 | 165.14 | 221.69 | OK | |
r-release-windows-ix86+x86_64 | 1.2.1 | 167.00 | 334.00 | 501.00 | OK | |
r-release-osx-x86_64 | 1.2.1 | NOTE | ||||
r-oldrel-windows-ix86+x86_64 | 1.2.1 | 145.00 | 329.00 | 474.00 | OK | |
r-oldrel-osx-x86_64 | 1.2.1 | NOTE |
Version: 1.2.1
Check: installed package size
Result: NOTE
installed size is 8.7Mb
sub-directories of 1Mb or more:
libs 7.5Mb
Flavors: r-devel-linux-x86_64-fedora-clang, r-release-osx-x86_64, r-oldrel-osx-x86_64
Version: 1.2.1
Check: re-building of vignette outputs
Result: WARN
Error(s) in re-building vignettes:
...
--- re-building ‘the_clusterR_package.Rmd’ using rmarkdown
Warning in engine$weave(file, quiet = quiet, encoding = enc) :
Pandoc (>= 1.12.3) and/or pandoc-citeproc not available. Falling back to R Markdown v1.
Quitting from lines 403-416 (the_clusterR_package.Rmd)
Error: processing vignette 'the_clusterR_package.Rmd' failed with diagnostics:
std::bad_alloc
--- failed re-building ‘the_clusterR_package.Rmd’
SUMMARY: processing the following file failed:
‘the_clusterR_package.Rmd’
Error: Vignette re-building failed.
Execution halted
Flavor: r-patched-solaris-x86