Last updated on 2020-03-27 00:49:17 CET.
Flavor | Version | Tinstall | Tcheck | Ttotal | Status | Flags |
---|---|---|---|---|---|---|
r-devel-linux-x86_64-debian-clang | 1.1 | 8.68 | 66.46 | 75.14 | NOTE | |
r-devel-linux-x86_64-debian-gcc | 1.1 | 7.21 | 51.67 | 58.88 | NOTE | |
r-devel-linux-x86_64-fedora-clang | 1.1 | 93.61 | NOTE | |||
r-devel-linux-x86_64-fedora-gcc | 1.1 | 86.24 | NOTE | |||
r-devel-windows-ix86+x86_64 | 1.1 | 18.00 | 73.00 | 91.00 | NOTE | |
r-devel-windows-ix86+x86_64-gcc8 | 1.1 | 19.00 | 68.00 | 87.00 | NOTE | |
r-patched-linux-x86_64 | 1.1 | 7.13 | 55.30 | 62.43 | NOTE | |
r-patched-solaris-x86 | 1.1 | 151.80 | NOTE | |||
r-release-linux-x86_64 | 1.1 | 6.54 | 54.71 | 61.25 | NOTE | |
r-release-windows-ix86+x86_64 | 1.1 | 19.00 | 75.00 | 94.00 | NOTE | |
r-release-osx-x86_64 | 1.1 | NOTE | ||||
r-oldrel-windows-ix86+x86_64 | 1.1 | 22.00 | 93.00 | 115.00 | NOTE | |
r-oldrel-osx-x86_64 | 1.1 | NOTE |
Version: 1.1
Check: R code for possible problems
Result: NOTE
BMDE: no visible global function definition for 'quantile'
BMDU: no visible global function definition for 'runif'
BMDU: no visible global function definition for 'quantile'
FS: no visible global function definition for 'qnorm'
GM: no visible global function definition for 'qchisq'
QH: no visible global function definition for 'qchisq'
SG : sgp: no visible global function definition for 'ppois'
SG : sgp: no visible global function definition for 'dpois'
WALD: no visible global function definition for 'qchisq'
WALDCC: no visible global function definition for 'qchisq'
WS: no visible global function definition for 'qchisq'
Undefined global functions or variables:
dpois ppois qchisq qnorm quantile runif
Consider adding
importFrom("stats", "dpois", "ppois", "qchisq", "qnorm", "quantile",
"runif")
to your NAMESPACE file.
Flavors: r-devel-linux-x86_64-debian-clang, r-devel-linux-x86_64-debian-gcc, r-devel-linux-x86_64-fedora-clang, r-devel-linux-x86_64-fedora-gcc, r-devel-windows-ix86+x86_64, r-devel-windows-ix86+x86_64-gcc8, r-patched-linux-x86_64, r-patched-solaris-x86, r-release-linux-x86_64, r-release-windows-ix86+x86_64, r-release-osx-x86_64, r-oldrel-windows-ix86+x86_64, r-oldrel-osx-x86_64