Last updated on 2020-03-27 00:49:18 CET.
Flavor | Version | Tinstall | Tcheck | Ttotal | Status | Flags |
---|---|---|---|---|---|---|
r-devel-linux-x86_64-debian-clang | 0.7-1 | 3.16 | 28.86 | 32.02 | NOTE | |
r-devel-linux-x86_64-debian-gcc | 0.7-1 | 2.60 | 22.94 | 25.54 | NOTE | |
r-devel-linux-x86_64-fedora-clang | 0.7-1 | 42.18 | NOTE | |||
r-devel-linux-x86_64-fedora-gcc | 0.7-1 | 37.47 | NOTE | |||
r-devel-windows-ix86+x86_64 | 0.7-1 | 7.00 | 42.00 | 49.00 | NOTE | |
r-devel-windows-ix86+x86_64-gcc8 | 0.7-1 | 6.00 | 44.00 | 50.00 | NOTE | |
r-patched-linux-x86_64 | 0.7-1 | 2.29 | 26.12 | 28.41 | NOTE | |
r-patched-solaris-x86 | 0.7-1 | 63.20 | NOTE | |||
r-release-linux-x86_64 | 0.7-1 | 2.42 | 26.19 | 28.61 | NOTE | |
r-release-windows-ix86+x86_64 | 0.7-1 | 9.00 | 47.00 | 56.00 | NOTE | |
r-release-osx-x86_64 | 0.7-1 | NOTE | ||||
r-oldrel-windows-ix86+x86_64 | 0.7-1 | 6.00 | 58.00 | 64.00 | NOTE | |
r-oldrel-osx-x86_64 | 0.7-1 | NOTE |
Version: 0.7-1
Check: DESCRIPTION meta-information
Result: NOTE
Malformed Title field: should not end in a period.
Flavors: r-devel-linux-x86_64-debian-clang, r-devel-linux-x86_64-debian-gcc, r-devel-linux-x86_64-fedora-clang, r-devel-linux-x86_64-fedora-gcc, r-devel-windows-ix86+x86_64, r-devel-windows-ix86+x86_64-gcc8, r-patched-linux-x86_64, r-patched-solaris-x86, r-release-linux-x86_64, r-release-windows-ix86+x86_64, r-release-osx-x86_64, r-oldrel-windows-ix86+x86_64, r-oldrel-osx-x86_64
Version: 0.7-1
Check: R code for possible problems
Result: NOTE
p.Johansen: no visible global function definition for 'pgamma'
plotComT: no visible global function definition for 'axis'
plotComT: no visible global function definition for 'title'
plotComT: no visible global function definition for 'lines'
plotComT: no visible global function definition for 'box'
q.Johansen: no visible global function definition for 'qgamma'
Undefined global functions or variables:
axis box lines pgamma qgamma title
Consider adding
importFrom("graphics", "axis", "box", "lines", "title")
importFrom("stats", "pgamma", "qgamma")
to your NAMESPACE file.
Flavors: r-devel-linux-x86_64-debian-clang, r-devel-linux-x86_64-debian-gcc, r-devel-linux-x86_64-fedora-clang, r-devel-linux-x86_64-fedora-gcc, r-devel-windows-ix86+x86_64, r-devel-windows-ix86+x86_64-gcc8, r-patched-linux-x86_64, r-patched-solaris-x86, r-release-linux-x86_64, r-release-windows-ix86+x86_64, r-release-osx-x86_64, r-oldrel-windows-ix86+x86_64, r-oldrel-osx-x86_64