Last updated on 2020-03-27 00:49:19 CET.
Flavor | Version | Tinstall | Tcheck | Ttotal | Status | Flags |
---|---|---|---|---|---|---|
r-devel-linux-x86_64-debian-clang | 0.1.1 | 4.71 | 36.85 | 41.56 | OK | |
r-devel-linux-x86_64-debian-gcc | 0.1.1 | 3.92 | 29.57 | 33.49 | OK | |
r-devel-linux-x86_64-fedora-clang | 0.1.1 | 56.19 | OK | |||
r-devel-linux-x86_64-fedora-gcc | 0.1.1 | 50.20 | OK | |||
r-devel-windows-ix86+x86_64 | 0.1.1 | 10.00 | 48.00 | 58.00 | OK | |
r-devel-windows-ix86+x86_64-gcc8 | 0.1.1 | 10.00 | 51.00 | 61.00 | OK | |
r-patched-linux-x86_64 | 0.1.1 | 3.73 | 33.04 | 36.77 | OK | |
r-patched-solaris-x86 | 0.1.1 | 82.70 | OK | |||
r-release-linux-x86_64 | 0.1.1 | 3.72 | 33.05 | 36.77 | OK | |
r-release-windows-ix86+x86_64 | 0.1.1 | 12.00 | 68.00 | 80.00 | OK | |
r-release-osx-x86_64 | 0.1.1 | FAIL | ||||
r-oldrel-windows-ix86+x86_64 | 0.1.1 | 8.00 | 66.00 | 74.00 | OK | |
r-oldrel-osx-x86_64 | 0.1.1 | OK |
Version: 0.1.1
Check: whether package can be installed
Result: FAIL
Flavor: r-release-osx-x86_64