CRAN Package Check Results for Package DHBins

Last updated on 2020-03-27 00:49:19 CET.

Flavor Version Tinstall Tcheck Ttotal Status Flags
r-devel-linux-x86_64-debian-clang 1.1 5.32 43.51 48.83 OK
r-devel-linux-x86_64-debian-gcc 1.1 3.50 33.59 37.09 OK
r-devel-linux-x86_64-fedora-clang 1.1 61.99 OK
r-devel-linux-x86_64-fedora-gcc 1.1 54.00 OK
r-devel-windows-ix86+x86_64 1.1 14.00 56.00 70.00 OK
r-devel-windows-ix86+x86_64-gcc8 1.1 8.00 59.00 67.00 OK
r-patched-linux-x86_64 1.1 4.03 38.92 42.95 OK
r-patched-solaris-x86 1.1 84.90 OK
r-release-linux-x86_64 1.1 3.48 39.14 42.62 OK
r-release-windows-ix86+x86_64 1.1 16.00 95.00 111.00 OK
r-release-osx-x86_64 1.1 OK
r-oldrel-osx-x86_64 1.1 ERROR

Check Details

Version: 1.1
Check: whether package can be installed
Result: ERROR
    Installation failed.
Flavor: r-oldrel-osx-x86_64