Last updated on 2020-03-27 00:49:21 CET.
Flavor | Version | Tinstall | Tcheck | Ttotal | Status | Flags |
---|---|---|---|---|---|---|
r-devel-linux-x86_64-debian-clang | 2.0.0 | 9.95 | 78.30 | 88.25 | OK | |
r-devel-linux-x86_64-debian-gcc | 2.0.0 | 7.52 | 58.98 | 66.50 | OK | |
r-devel-linux-x86_64-fedora-clang | 2.0.0 | 114.40 | NOTE | |||
r-devel-linux-x86_64-fedora-gcc | 2.0.0 | 96.04 | NOTE | |||
r-devel-windows-ix86+x86_64 | 2.0.0 | 29.00 | 81.00 | 110.00 | OK | |
r-devel-windows-ix86+x86_64-gcc8 | 2.0.0 | 23.00 | 91.00 | 114.00 | OK | |
r-patched-linux-x86_64 | 2.0.0 | 7.11 | 66.77 | 73.88 | OK | |
r-patched-solaris-x86 | 2.0.0 | 157.50 | NOTE | |||
r-release-linux-x86_64 | 2.0.0 | 8.49 | 67.74 | 76.23 | OK | |
r-release-windows-ix86+x86_64 | 2.0.0 | 36.00 | 118.00 | 154.00 | OK | |
r-release-osx-x86_64 | 2.0.0 | NOTE | ||||
r-oldrel-windows-ix86+x86_64 | 2.0.0 | 19.00 | 130.00 | 149.00 | OK | |
r-oldrel-osx-x86_64 | 2.0.0 | NOTE |
Version: 2.0.0
Check: dependencies in R code
Result: NOTE
Namespaces in Imports field not imported from:
‘devtools’ ‘msm’
All declared Imports should be used.
Flavors: r-devel-linux-x86_64-fedora-clang, r-devel-linux-x86_64-fedora-gcc, r-patched-solaris-x86, r-release-osx-x86_64, r-oldrel-osx-x86_64