CRAN Package Check Results for Package FAMILY

Last updated on 2020-03-27 00:49:21 CET.

Flavor Version Tinstall Tcheck Ttotal Status Flags
r-devel-linux-x86_64-debian-clang 0.1.19 5.04 60.95 65.99 NOTE
r-devel-linux-x86_64-debian-gcc 0.1.19 4.04 44.65 48.69 NOTE
r-devel-linux-x86_64-fedora-clang 0.1.19 86.34 NOTE
r-devel-linux-x86_64-fedora-gcc 0.1.19 74.62 NOTE
r-devel-windows-ix86+x86_64 0.1.19 10.00 68.00 78.00 NOTE
r-devel-windows-ix86+x86_64-gcc8 0.1.19 8.00 74.00 82.00 NOTE
r-patched-linux-x86_64 0.1.19 4.01 55.70 59.71 NOTE
r-patched-solaris-x86 0.1.19 121.80 NOTE
r-release-linux-x86_64 0.1.19 4.04 54.98 59.02 NOTE
r-release-windows-ix86+x86_64 0.1.19 12.00 95.00 107.00 NOTE
r-release-osx-x86_64 0.1.19 NOTE
r-oldrel-windows-ix86+x86_64 0.1.19 9.00 118.00 127.00 NOTE
r-oldrel-osx-x86_64 0.1.19 NOTE

Check Details

Version: 0.1.19
Check: R code for possible problems
Result: NOTE
    coef.FAMILY: no visible global function definition for 'glm'
    coef.FAMILY: no visible global function definition for 'lm'
    fm2v: no visible global function definition for 'na.omit'
    l_inf_prox: no visible global function definition for 'tail'
    predict.FAMILY: no visible global function definition for 'coef'
    predict.FAMILY: no visible global function definition for 'lm'
    predict.FAMILY: no visible global function definition for 'predict'
    predict.FAMILY: no visible global function definition for 'glm'
    predict.FAMILY: no visible global function definition for 'predict.glm'
    v2fm: no visible global function definition for 'tail'
    Undefined global functions or variables:
     coef glm lm na.omit predict predict.glm tail
    Consider adding
     importFrom("stats", "coef", "glm", "lm", "na.omit", "predict",
     "predict.glm")
     importFrom("utils", "tail")
    to your NAMESPACE file.
Flavors: r-devel-linux-x86_64-debian-clang, r-devel-linux-x86_64-debian-gcc, r-devel-linux-x86_64-fedora-clang, r-devel-linux-x86_64-fedora-gcc, r-devel-windows-ix86+x86_64, r-devel-windows-ix86+x86_64-gcc8, r-patched-linux-x86_64, r-patched-solaris-x86, r-release-linux-x86_64, r-release-windows-ix86+x86_64, r-release-osx-x86_64, r-oldrel-windows-ix86+x86_64, r-oldrel-osx-x86_64