CRAN Package Check Results for Package Fgmutils

Last updated on 2020-03-27 00:49:21 CET.

Flavor Version Tinstall Tcheck Ttotal Status Flags
r-devel-linux-x86_64-debian-clang 0.9.5 10.58 75.73 86.31 OK
r-devel-linux-x86_64-debian-gcc 0.9.5 8.77 58.65 67.42 OK
r-devel-linux-x86_64-fedora-clang 0.9.5 111.19 OK
r-devel-linux-x86_64-fedora-gcc 0.9.5 101.79 OK
r-devel-windows-ix86+x86_64 0.9.5 29.00 75.00 104.00 OK
r-devel-windows-ix86+x86_64-gcc8 0.9.5 19.00 86.00 105.00 OK
r-patched-linux-x86_64 0.9.5 9.59 68.03 77.62 OK
r-patched-solaris-x86 0.9.5 159.80 OK
r-release-linux-x86_64 0.9.5 9.84 69.47 79.31 OK
r-release-windows-ix86+x86_64 0.9.5 30.00 121.00 151.00 OK
r-release-osx-x86_64 0.9.5 FAIL
r-oldrel-windows-ix86+x86_64 0.9.5 19.00 117.00 136.00 OK
r-oldrel-osx-x86_64 0.9.5 OK

Check Details

Version: 0.9.5
Check: whether package can be installed
Result: FAIL
Flavor: r-release-osx-x86_64