CRAN Package Check Results for Package ForecastTB

Last updated on 2020-03-27 00:49:22 CET.

Flavor Version Tinstall Tcheck Ttotal Status Flags
r-devel-linux-x86_64-debian-clang 1.0.1 8.17 101.20 109.37 OK
r-devel-linux-x86_64-debian-gcc 1.0.1 7.73 96.27 104.00 OK
r-devel-linux-x86_64-fedora-clang 1.0.1 123.07 NOTE
r-devel-linux-x86_64-fedora-gcc 1.0.1 112.17 NOTE
r-devel-windows-ix86+x86_64 1.0.1 23.00 88.00 111.00 OK
r-patched-linux-x86_64 1.0.1 6.63 91.43 98.06 OK
r-patched-solaris-x86 1.0.1 156.10 NOTE
r-release-linux-x86_64 1.0.1 6.90 91.17 98.07 OK
r-release-windows-ix86+x86_64 1.0.1 28.00 134.00 162.00 OK
r-release-osx-x86_64 1.0.1 NOTE
r-oldrel-windows-ix86+x86_64 1.0.1 22.00 145.00 167.00 OK
r-oldrel-osx-x86_64 1.0.1 NOTE

Check Details

Version: 1.0.1
Check: dependencies in R code
Result: NOTE
    Namespace in Imports field not imported from: ‘decomposedPSF’
     All declared Imports should be used.
Flavors: r-devel-linux-x86_64-fedora-clang, r-devel-linux-x86_64-fedora-gcc, r-patched-solaris-x86, r-release-osx-x86_64, r-oldrel-osx-x86_64