Last updated on 2020-03-27 00:49:22 CET.
Flavor | Version | Tinstall | Tcheck | Ttotal | Status | Flags |
---|---|---|---|---|---|---|
r-devel-linux-x86_64-debian-clang | 1.2-1 | 82.22 | 68.06 | 150.28 | NOTE | |
r-devel-linux-x86_64-debian-gcc | 1.2-1 | 75.68 | 56.43 | 132.11 | NOTE | |
r-devel-linux-x86_64-fedora-clang | 1.2-1 | 213.09 | NOTE | |||
r-devel-linux-x86_64-fedora-gcc | 1.2-1 | 211.56 | NOTE | |||
r-devel-windows-ix86+x86_64 | 1.2-1 | 116.00 | 75.00 | 191.00 | NOTE | |
r-devel-windows-ix86+x86_64-gcc8 | 1.2-1 | 114.00 | 78.00 | 192.00 | NOTE | |
r-patched-linux-x86_64 | 1.2-1 | 83.31 | 65.11 | 148.42 | NOTE | |
r-patched-solaris-x86 | 1.2-1 | 398.20 | NOTE | |||
r-release-linux-x86_64 | 1.2-1 | 81.38 | 65.34 | 146.72 | NOTE | |
r-release-windows-ix86+x86_64 | 1.2-1 | 165.00 | 93.00 | 258.00 | NOTE | |
r-release-osx-x86_64 | 1.2-1 | NOTE | ||||
r-oldrel-windows-ix86+x86_64 | 1.2-1 | 131.00 | 106.00 | 237.00 | NOTE | |
r-oldrel-osx-x86_64 | 1.2-1 | NOTE |
Version: 1.2-1
Check: top-level files
Result: NOTE
Non-standard file/directory found at top level:
'FrF2.catlg128-Ex.R'
Flavors: r-devel-linux-x86_64-debian-clang, r-devel-linux-x86_64-debian-gcc, r-devel-linux-x86_64-fedora-clang, r-devel-linux-x86_64-fedora-gcc, r-patched-linux-x86_64, r-release-linux-x86_64
Version: 1.2-1
Check: dependencies in R code
Result: NOTE
Package in Depends field not imported from: 'FrF2'
These packages need to be imported from (in the NAMESPACE file)
for when this namespace is loaded but not attached.
Flavors: r-devel-linux-x86_64-debian-clang, r-devel-linux-x86_64-debian-gcc, r-devel-linux-x86_64-fedora-clang, r-devel-linux-x86_64-fedora-gcc, r-devel-windows-ix86+x86_64, r-devel-windows-ix86+x86_64-gcc8, r-patched-linux-x86_64, r-patched-solaris-x86, r-release-linux-x86_64, r-release-windows-ix86+x86_64, r-release-osx-x86_64, r-oldrel-windows-ix86+x86_64, r-oldrel-osx-x86_64
Version: 1.2-1
Check: installed package size
Result: NOTE
installed size is 5.8Mb
sub-directories of 1Mb or more:
R 5.7Mb
Flavors: r-devel-linux-x86_64-fedora-clang, r-devel-windows-ix86+x86_64, r-devel-windows-ix86+x86_64-gcc8, r-patched-solaris-x86, r-release-windows-ix86+x86_64, r-release-osx-x86_64, r-oldrel-windows-ix86+x86_64, r-oldrel-osx-x86_64