CRAN Package Check Results for Package FrF2

Last updated on 2020-03-27 00:49:22 CET.

Flavor Version Tinstall Tcheck Ttotal Status Flags
r-devel-linux-x86_64-debian-clang 2.1-1 16.53 144.15 160.68 OK
r-devel-linux-x86_64-debian-gcc 2.1-1 12.59 103.98 116.57 OK
r-devel-linux-x86_64-fedora-clang 2.1-1 187.04 NOTE
r-devel-linux-x86_64-fedora-gcc 2.1-1 185.59 OK
r-devel-windows-ix86+x86_64 2.1-1 21.00 146.00 167.00 OK
r-devel-windows-ix86+x86_64-gcc8 2.1 19.00 149.00 168.00 OK
r-patched-linux-x86_64 2.1-1 11.65 124.63 136.28 OK
r-patched-solaris-x86 2.1-1 233.90 OK
r-release-linux-x86_64 2.1-1 14.94 122.66 137.60 OK
r-release-windows-ix86+x86_64 2.1-1 28.00 191.00 219.00 OK
r-release-osx-x86_64 2.1-1 OK
r-oldrel-windows-ix86+x86_64 2.1-1 24.00 202.00 226.00 OK
r-oldrel-osx-x86_64 2.1-1 OK

Check Details

Version: 2.1-1
Check: package dependencies
Result: NOTE
    Suggests orphaned package: ‘BsMD’
Flavor: r-devel-linux-x86_64-fedora-clang