CRAN Package Check Results for Package Frames2

Last updated on 2020-03-27 00:49:22 CET.

Flavor Version Tinstall Tcheck Ttotal Status Flags
r-devel-linux-x86_64-debian-clang 0.2.1 19.89 109.36 129.25 OK
r-devel-linux-x86_64-debian-gcc 0.2.1 17.46 83.18 100.64 OK
r-devel-linux-x86_64-fedora-clang 0.2.1 167.58 OK
r-devel-linux-x86_64-fedora-gcc 0.2.1 150.43 OK
r-devel-windows-ix86+x86_64 0.2.1 28.00 103.00 131.00 OK
r-devel-windows-ix86+x86_64-gcc8 0.2.1 28.00 115.00 143.00 OK
r-patched-linux-x86_64 0.2.1 17.20 96.08 113.28 OK
r-patched-solaris-x86 0.2.1 192.60 OK
r-release-linux-x86_64 0.2.1 16.89 97.59 114.48 OK
r-release-windows-ix86+x86_64 0.2.1 36.00 101.00 137.00 WARN
r-release-osx-x86_64 0.2.1 OK
r-oldrel-windows-ix86+x86_64 0.2.1 32.00 135.00 167.00 OK
r-oldrel-osx-x86_64 0.2.1 OK

Check Details

Version: 0.2.1
Check: re-building of vignette outputs
Result: WARN
    Error(s) in re-building vignettes:
    --- re-building 'estimation.Rnw' using Sweave
    
    Attaching package: 'Frames2'
    
    The following object is masked from 'package:methods':
    
     Compare
    
    Warning in system(paste(shQuote(texi2dvi), if (quiet) "--quiet" else "", :
     running command '"D:\compiler\texmf\miktex\bin\texify.exe" --quiet --pdf "estimation.tex" --max-iterations=20 -I "D:/RCompile/recent/R-3.6.3/share/texmf/tex/latex" -I "D:/RCompile/recent/R-3.6.3/share/texmf/bibtex/bst"' had status 1
    Error: processing vignette 'estimation.Rnw' failed with diagnostics:
    Failed to locate the 'texi2pdf' output file (by engine 'utils::Sweave') for vignette with name 'estimation'. The following files exist in directory '.': 'Fig1.jpg', 'estimation-concordance.tex', 'estimation.Rnw', 'estimation.tex', 'formatting.data.Rnw'
    --- failed re-building 'estimation.Rnw'
    
    --- re-building 'formatting.data.Rnw' using Sweave
    
    Attaching package: 'Frames2'
    
    The following object is masked from 'package:methods':
    
     Compare
    
    --- finished re-building 'formatting.data.Rnw'
    
    SUMMARY: processing the following file failed:
     'estimation.Rnw'
    
    Error: Vignette re-building failed.
    Execution halted
Flavor: r-release-windows-ix86+x86_64