CRAN Package Check Results for Package FrechForest

Last updated on 2020-03-27 00:49:22 CET.

Flavor Version Tinstall Tcheck Ttotal Status Flags
r-devel-linux-x86_64-debian-clang 0.8.1 4.82 34.63 39.45 OK
r-devel-linux-x86_64-debian-gcc 0.8.1 3.31 26.83 30.14 OK
r-devel-linux-x86_64-fedora-clang 0.8.1 49.91 OK
r-devel-linux-x86_64-fedora-gcc 0.8.1 44.73 OK
r-devel-windows-ix86+x86_64 0.8.1 12.00 45.00 57.00 OK
r-devel-windows-ix86+x86_64-gcc8 0.8.1 11.00 46.00 57.00 OK
r-patched-linux-x86_64 0.8.1 4.10 31.38 35.48 OK
r-patched-solaris-x86 0.8.1 68.70 OK
r-release-linux-x86_64 0.8.1 3.30 30.59 33.89 OK
r-release-windows-ix86+x86_64 0.8.1 12.00 60.00 72.00 OK
r-release-osx-x86_64 0.8.1 NOTE
r-oldrel-osx-x86_64 0.8.1 ERROR

Check Details

Version: 0.8.1
Check: dependencies in R code
Result: NOTE
    No protocol specified
Flavor: r-release-osx-x86_64

Version: 0.8.1
Check: whether package can be installed
Result: ERROR
    Installation failed.
Flavor: r-oldrel-osx-x86_64