Last updated on 2020-03-27 00:49:22 CET.
Flavor | Version | Tinstall | Tcheck | Ttotal | Status | Flags |
---|---|---|---|---|---|---|
r-devel-linux-x86_64-debian-clang | 3.8-1 | 12.49 | 148.73 | 161.22 | OK | |
r-devel-linux-x86_64-debian-gcc | 3.8-1 | 10.27 | 115.02 | 125.29 | OK | |
r-devel-linux-x86_64-fedora-clang | 3.8-1 | 200.23 | NOTE | |||
r-devel-linux-x86_64-fedora-gcc | 3.8-1 | 191.77 | NOTE | |||
r-devel-windows-ix86+x86_64 | 3.8-1 | 32.00 | 297.00 | 329.00 | OK | |
r-devel-windows-ix86+x86_64-gcc8 | 3.7-2 | 45.00 | 350.00 | 395.00 | OK | |
r-patched-linux-x86_64 | 3.8-1 | 11.22 | 135.35 | 146.57 | OK | |
r-patched-solaris-x86 | 3.8-1 | 291.20 | NOTE | |||
r-release-linux-x86_64 | 3.8-1 | 10.78 | 136.77 | 147.55 | OK | |
r-release-windows-ix86+x86_64 | 3.8-1 | 45.00 | 420.00 | 465.00 | OK | |
r-release-osx-x86_64 | 3.8-1 | NOTE | ||||
r-oldrel-windows-ix86+x86_64 | 3.8-1 | 29.00 | 404.00 | 433.00 | OK | |
r-oldrel-osx-x86_64 | 3.8-1 | NOTE |
Version: 3.8-1
Check: data for non-ASCII characters
Result: NOTE
Note: found 19 marked UTF-8 strings
Flavors: r-devel-linux-x86_64-fedora-clang, r-devel-linux-x86_64-fedora-gcc, r-patched-solaris-x86, r-release-osx-x86_64, r-oldrel-osx-x86_64