CRAN Package Check Results for Package GAIPE

Last updated on 2020-03-27 00:49:22 CET.

Flavor Version Tinstall Tcheck Ttotal Status Flags
r-devel-linux-x86_64-debian-clang 1.0 2.44 22.98 25.42 NOTE
r-devel-linux-x86_64-debian-gcc 1.0 1.90 17.21 19.11 NOTE
r-devel-linux-x86_64-fedora-clang 1.0 33.14 NOTE
r-devel-linux-x86_64-fedora-gcc 1.0 29.70 NOTE
r-devel-windows-ix86+x86_64 1.0 6.00 47.00 53.00 NOTE
r-devel-windows-ix86+x86_64-gcc8 1.0 5.00 34.00 39.00 NOTE
r-patched-linux-x86_64 1.0 1.67 21.23 22.90 NOTE
r-patched-solaris-x86 1.0 46.50 NOTE
r-release-linux-x86_64 1.0 2.13 21.04 23.17 NOTE
r-release-windows-ix86+x86_64 1.0 7.00 53.00 60.00 NOTE
r-release-osx-x86_64 1.0 NOTE
r-oldrel-windows-ix86+x86_64 1.0 3.00 31.00 34.00 NOTE
r-oldrel-osx-x86_64 1.0 NOTE

Check Details

Version: 1.0
Check: R code for possible problems
Result: NOTE
    CI.RMSEA: no visible global function definition for 'qchisq'
    CI.RMSEA: no visible global function definition for 'pchisq'
    GAIPE.RMSEA: no visible global function definition for 'par'
    GAIPE.RMSEA: no visible global function definition for 'abline'
    GAIPE.RMSEA: no visible global function definition for 'colors'
    GAIPE.RMSEA: no visible global function definition for 'text'
    GAIPE.RMSEA: no visible global function definition for 'arrows'
    GAIPE.RMSEA: no visible global function definition for 'points'
    GAIPE.RMSEA: no visible global function definition for 'axis'
    GAIPE.RMSEA: no visible global function definition for 'lines'
    GAIPE.RMSEA: no visible global function definition for 'legend'
    GAIPE.RMSEA: no visible global function definition for 'pchisq'
    GAIPE.RMSEA: no visible global function definition for 'qchisq'
    GAIPE.RMSEA: no visible global function definition for 'mtext'
    GAIPE.RMSEA: no visible global function definition for 'title'
    PA.RMSEA: no visible global function definition for 'pchisq'
    PA.RMSEA: no visible global function definition for 'qchisq'
    Undefined global functions or variables:
     abline arrows axis colors legend lines mtext par pchisq points qchisq
     text title
    Consider adding
     importFrom("grDevices", "colors")
     importFrom("graphics", "abline", "arrows", "axis", "legend", "lines",
     "mtext", "par", "points", "text", "title")
     importFrom("stats", "pchisq", "qchisq")
    to your NAMESPACE file.
Flavors: r-devel-linux-x86_64-debian-clang, r-devel-linux-x86_64-debian-gcc, r-devel-linux-x86_64-fedora-clang, r-devel-linux-x86_64-fedora-gcc, r-devel-windows-ix86+x86_64, r-patched-solaris-x86

Version: 1.0
Check: R code for possible problems
Result: NOTE
    CI.RMSEA: no visible global function definition for 'qchisq'
    CI.RMSEA: no visible global function definition for 'pchisq'
    GAIPE.RMSEA: no visible global function definition for 'par'
    GAIPE.RMSEA: no visible global function definition for 'plot'
    GAIPE.RMSEA: no visible global function definition for 'abline'
    GAIPE.RMSEA: no visible global function definition for 'colors'
    GAIPE.RMSEA: no visible global function definition for 'text'
    GAIPE.RMSEA: no visible global function definition for 'arrows'
    GAIPE.RMSEA: no visible global function definition for 'points'
    GAIPE.RMSEA: no visible global function definition for 'axis'
    GAIPE.RMSEA: no visible global function definition for 'lines'
    GAIPE.RMSEA: no visible global function definition for 'legend'
    GAIPE.RMSEA: no visible global function definition for 'pchisq'
    GAIPE.RMSEA: no visible global function definition for 'qchisq'
    GAIPE.RMSEA: no visible global function definition for 'mtext'
    GAIPE.RMSEA: no visible global function definition for 'title'
    PA.RMSEA: no visible global function definition for 'pchisq'
    PA.RMSEA: no visible global function definition for 'qchisq'
    Undefined global functions or variables:
     abline arrows axis colors legend lines mtext par pchisq plot points
     qchisq text title
    Consider adding
     importFrom("grDevices", "colors")
     importFrom("graphics", "abline", "arrows", "axis", "legend", "lines",
     "mtext", "par", "plot", "points", "text", "title")
     importFrom("stats", "pchisq", "qchisq")
    to your NAMESPACE file.
Flavors: r-devel-windows-ix86+x86_64-gcc8, r-patched-linux-x86_64, r-release-linux-x86_64, r-release-windows-ix86+x86_64, r-release-osx-x86_64, r-oldrel-windows-ix86+x86_64, r-oldrel-osx-x86_64