Last updated on 2020-03-27 00:49:22 CET.
Flavor | Version | Tinstall | Tcheck | Ttotal | Status | Flags |
---|---|---|---|---|---|---|
r-devel-linux-x86_64-debian-clang | 1.0.7 | 97.37 | 112.14 | 209.51 | OK | |
r-devel-linux-x86_64-debian-gcc | 1.0.7 | 62.21 | 87.77 | 149.98 | OK | |
r-devel-linux-x86_64-fedora-clang | 1.0.7 | 290.69 | OK | |||
r-devel-linux-x86_64-fedora-gcc | 1.0.7 | 246.25 | OK | |||
r-devel-windows-ix86+x86_64 | 1.0.7 | 171.00 | 209.00 | 380.00 | OK | |
r-devel-windows-ix86+x86_64-gcc8 | 1.0.7 | 205.00 | 180.00 | 385.00 | ERROR | |
r-patched-linux-x86_64 | 1.0.7 | 72.84 | 100.58 | 173.42 | OK | |
r-patched-solaris-x86 | 1.0.7 | 327.40 | OK | |||
r-release-linux-x86_64 | 1.0.7 | 70.27 | 100.33 | 170.60 | OK | |
r-release-windows-ix86+x86_64 | 1.0.7 | 262.00 | 270.00 | 532.00 | OK | |
r-release-osx-x86_64 | 1.0.7 | OK | ||||
r-oldrel-windows-ix86+x86_64 | 1.0.7 | 255.00 | 257.00 | 512.00 | OK | |
r-oldrel-osx-x86_64 | 1.0.7 | OK |
Version: 1.0.7
Check: running examples for arch ‘x64’
Result: ERROR
Running examples in 'GENLIB-Ex.R' failed
The error most likely occurred in:
> ### Name: gen.find.Min.Distance.MRCA
> ### Title: Finds the minimum distances between pairs of individuals given a
> ### set of ancestors.
> ### Aliases: gen.find.Min.Distance.MRCA
> ### Keywords: manip
>
> ### ** Examples
>
> data(geneaJi)
> genJi<-gen.genealogy(geneaJi)
> matMRCA<-gen.findMRCA(genJi, individuals=c(1,29), NbProcess = 1)
[1] "warning"
converting NULL pointer to R NULL> gen.find.Min.Distance.MRCA(matMRCA)
Error in gen.find.Min.Distance.MRCA(matMRCA) :
genMatrix must be a matrix output from gen.findMRCA
Execution halted
Flavor: r-devel-windows-ix86+x86_64-gcc8