CRAN Package Check Results for Package GFORCE

Last updated on 2020-03-27 00:49:23 CET.

Flavor Version Tinstall Tcheck Ttotal Status Flags
r-devel-linux-x86_64-debian-clang 0.1.4 9.43 43.38 52.81 OK
r-devel-linux-x86_64-debian-gcc 0.1.4 6.30 31.79 38.09 OK
r-devel-linux-x86_64-fedora-clang 0.1.4 62.64 OK
r-devel-linux-x86_64-fedora-gcc 0.1.4 54.94 OK
r-devel-windows-ix86+x86_64 0.1.4 28.00 63.00 91.00 OK
r-devel-windows-ix86+x86_64-gcc8 0.1.4 25.00 64.00 89.00 OK
r-patched-linux-x86_64 0.1.4 6.88 36.13 43.01 OK
r-patched-solaris-x86 0.1.4 76.50 OK
r-release-linux-x86_64 0.1.4 6.36 37.25 43.61 OK
r-release-windows-ix86+x86_64 0.1.4 59.00 91.00 150.00 OK
r-release-osx-x86_64 0.1.4 ERROR
r-oldrel-windows-ix86+x86_64 0.1.4 37.00 86.00 123.00 OK
r-oldrel-osx-x86_64 0.1.4 ERROR

Additional issues

noOMP

Check Details

Version: 0.1.4
Check: whether package can be installed
Result: ERROR
    Installation failed.
Flavors: r-release-osx-x86_64, r-oldrel-osx-x86_64