CRAN Package Check Results for Package GOFShiny

Last updated on 2020-03-27 00:49:23 CET.

Flavor Version Tinstall Tcheck Ttotal Status Flags
r-devel-linux-x86_64-debian-clang 0.1.0 1.96 17.76 19.72 OK
r-devel-linux-x86_64-debian-gcc 0.1.0 1.24 14.26 15.50 OK
r-devel-linux-x86_64-fedora-clang 0.1.0 25.35 NOTE
r-devel-linux-x86_64-fedora-gcc 0.1.0 23.42 NOTE
r-devel-windows-ix86+x86_64 0.1.0 5.00 30.00 35.00 OK
r-devel-windows-ix86+x86_64-gcc8 0.1.0 6.00 27.00 33.00 OK
r-patched-linux-x86_64 0.1.0 1.38 16.30 17.68 OK
r-patched-solaris-x86 0.1.0 38.00 NOTE
r-release-linux-x86_64 0.1.0 1.46 16.29 17.75 OK
r-release-windows-ix86+x86_64 0.1.0 6.00 38.00 44.00 OK
r-release-osx-x86_64 0.1.0 NOTE
r-oldrel-windows-ix86+x86_64 0.1.0 4.00 37.00 41.00 OK
r-oldrel-osx-x86_64 0.1.0 NOTE

Check Details

Version: 0.1.0
Check: dependencies in R code
Result: NOTE
    Namespaces in Imports field not imported from:
     ‘rhandsontable’ ‘shiny’ ‘stats’
     All declared Imports should be used.
Flavors: r-devel-linux-x86_64-fedora-clang, r-devel-linux-x86_64-fedora-gcc, r-patched-solaris-x86, r-release-osx-x86_64, r-oldrel-osx-x86_64