CRAN Package Check Results for Package GSIF

Last updated on 2020-03-27 00:49:23 CET.

Flavor Version Tinstall Tcheck Ttotal Status Flags
r-devel-linux-x86_64-debian-clang 0.5-5.1 37.15 210.74 247.89 NOTE
r-devel-linux-x86_64-debian-gcc 0.5-5.1 33.09 161.36 194.45 NOTE
r-devel-linux-x86_64-fedora-clang 0.5-5.1 306.60 NOTE
r-devel-linux-x86_64-fedora-gcc 0.5-5.1 296.90 NOTE
r-devel-windows-ix86+x86_64 0.5-5 53.00 224.00 277.00 WARN
r-devel-windows-ix86+x86_64-gcc8 0.5-5 64.00 214.00 278.00 OK
r-patched-linux-x86_64 0.5-5.1 30.14 188.69 218.83 NOTE
r-patched-solaris-x86 0.5-5.1 455.30 NOTE
r-release-linux-x86_64 0.5-5.1 30.04 187.39 217.43 NOTE
r-release-windows-ix86+x86_64 0.5-5.1 75.00 291.00 366.00 OK
r-release-osx-x86_64 0.5-5.1 OK
r-oldrel-windows-ix86+x86_64 0.5-5.1 48.00 215.00 263.00 OK
r-oldrel-osx-x86_64 0.5-5.1 OK

Check Details

Version: 0.5-5.1
Check: package dependencies
Result: NOTE
    Package suggested but not available for checking: 'SDMTools'
Flavors: r-devel-linux-x86_64-debian-clang, r-devel-linux-x86_64-debian-gcc, r-devel-linux-x86_64-fedora-clang, r-devel-linux-x86_64-fedora-gcc, r-patched-linux-x86_64, r-patched-solaris-x86, r-release-linux-x86_64

Version: 0.5-5.1
Check: for non-standard things in the check directory
Result: NOTE
    Found the following files/directories:
     'ORCDRC.txt'
Flavors: r-devel-linux-x86_64-debian-clang, r-devel-linux-x86_64-debian-gcc, r-devel-linux-x86_64-fedora-clang, r-devel-linux-x86_64-fedora-gcc, r-patched-solaris-x86

Version: 0.5-5
Check: Rd \usage sections
Result: WARN
    Documented arguments not in \usage in documentation object 'as.geosamples':
     '...'
    
    Functions with \usage entries need to have the appropriate \alias
    entries, and all their arguments documented.
    The \usage entries must correspond to syntactically valid R code.
    See chapter 'Writing R documentation files' in the 'Writing R
    Extensions' manual.
Flavor: r-devel-windows-ix86+x86_64