CRAN Package Check Results for Package HH

Last updated on 2020-03-27 00:49:24 CET.

Flavor Version Tinstall Tcheck Ttotal Status Flags
r-devel-linux-x86_64-debian-clang 3.1-40 29.20 295.74 324.94 OK
r-devel-linux-x86_64-debian-gcc 3.1-40 24.21 218.95 243.16 OK
r-devel-linux-x86_64-fedora-clang 3.1-40 400.07 OK
r-devel-linux-x86_64-fedora-gcc 3.1-40 367.06 OK
r-devel-windows-ix86+x86_64 3.1-40 64.00 319.00 383.00 OK
r-devel-windows-ix86+x86_64-gcc8 3.1-40 53.00 324.00 377.00 OK
r-patched-linux-x86_64 3.1-40 24.71 270.99 295.70 OK
r-patched-solaris-x86 3.1-40 554.10 OK
r-release-linux-x86_64 3.1-40 24.65 273.27 297.92 OK
r-release-windows-ix86+x86_64 3.1-40 82.00 451.00 533.00 OK
r-release-osx-x86_64 3.1-40 OK
r-oldrel-windows-ix86+x86_64 3.1-40 58.00 356.00 414.00 WARN
r-oldrel-osx-x86_64 3.1-40 OK

Check Details

Version: 3.1-40
Check: whether package can be installed
Result: WARN
    Found the following significant warnings:
     Warning: S3 methods '[.fun_list', '[.grouped_df', 'all.equal.tbl_df', 'anti_join.data.frame', 'anti_join.tbl_df', 'arrange.data.frame', 'arrange.default', 'arrange.grouped_df', 'arrange.tbl_df', 'arrange_.data.frame', 'arrange_.tbl_df', 'as.data.frame.grouped_df', 'as.data.frame.rowwise_df', 'as.data.frame.tbl_cube', 'as.table.tbl_cube', 'as.tbl.data.frame', 'as.tbl.tbl', 'as.tbl_cube.array', 'as.tbl_cube.data.frame', 'as.tbl_cube.matrix', 'as.tbl_cube.table', 'as_tibble.grouped_df', 'as_tibble.tbl_cube', 'auto_copy.tbl_cube', 'auto_copy.tbl_df', 'cbind.grouped_df', 'collapse.data.frame', 'collect.data.frame', 'common_by.NULL', 'common_by.character', 'common_by.default', 'common_by.list', 'compute.data.frame', 'copy_to.DBIConnection', 'copy_to.src_local', 'default_missing.data.frame', 'default_missing.default', 'dim.tbl_cube', 'distinct.data.frame', 'distinct.default', 'distinct.grouped_df', 'distinct.tbl_df', 'distinct_.data.frame', 'distinct_.grouped_df', 'distinct_.tbl_df', 'do.NULL', 'do.da [... truncated]
Flavor: r-oldrel-windows-ix86+x86_64