CRAN Package Check Results for Package HarmonicRegression

Last updated on 2020-03-27 00:49:24 CET.

Flavor Version Tinstall Tcheck Ttotal Status Flags
r-devel-linux-x86_64-debian-clang 1.0 2.43 24.15 26.58 NOTE
r-devel-linux-x86_64-debian-gcc 1.0 1.75 19.40 21.15 NOTE
r-devel-linux-x86_64-fedora-clang 1.0 36.01 NOTE
r-devel-linux-x86_64-fedora-gcc 1.0 32.30 NOTE
r-devel-windows-ix86+x86_64 1.0 6.00 36.00 42.00 NOTE
r-devel-windows-ix86+x86_64-gcc8 1.0 6.00 38.00 44.00 NOTE
r-patched-linux-x86_64 1.0 1.85 22.37 24.22 NOTE
r-patched-solaris-x86 1.0 54.20 NOTE
r-release-linux-x86_64 1.0 1.77 22.73 24.50 NOTE
r-release-windows-ix86+x86_64 1.0 7.00 54.00 61.00 NOTE
r-release-osx-x86_64 1.0 NOTE
r-oldrel-windows-ix86+x86_64 1.0 5.00 53.00 58.00 NOTE
r-oldrel-osx-x86_64 1.0 NOTE

Check Details

Version: 1.0
Check: R code for possible problems
Result: NOTE
    fit.one.harmonic: no visible global function definition for 'var'
    fit.one.harmonic: no visible global function definition for 'lm'
    fit.one.harmonic: no visible binding for global variable 'na.exclude'
    fit.one.harmonic: no visible global function definition for 'fitted'
    fit.one.harmonic: no visible global function definition for 'coef'
    fit.one.harmonic: no visible global function definition for 'residuals'
    fit.one.harmonic.trend: no visible global function definition for 'lm'
    fit.one.harmonic.trend: no visible binding for global variable
     'na.exclude'
    fit.one.harmonic.trend: no visible global function definition for
     'fitted'
    fit.one.harmonic.trend: no visible global function definition for
     'coef'
    fit.one.harmonic.trend: no visible global function definition for
     'residuals'
    harmonic.f.test: no visible global function definition for 'pf'
    harmonic.regression.matrix: no visible global function definition for
     'lm'
    harmonic.regression.matrix: no visible global function definition for
     'fitted'
    harmonic.regression.matrix: no visible global function definition for
     'coef'
    harmonic.regression.matrix: no visible binding for global variable
     'var'
    harmonic.regression.matrix: no visible global function definition for
     'residuals'
    harmonic.regression.matrix: no visible global function definition for
     'p.adjust'
    harmonic.regression.matrix.trend: no visible global function definition
     for 'lm'
    harmonic.regression.matrix.trend: no visible global function definition
     for 'fitted'
    harmonic.regression.matrix.trend: no visible global function definition
     for 'coef'
    harmonic.regression.matrix.trend: no visible global function definition
     for 'residuals'
    harmonic.regression.matrix.trend: no visible global function definition
     for 'p.adjust'
    harmonic.regression.nas: no visible global function definition for
     'p.adjust'
    harmonic.regression.nas.trend: no visible global function definition
     for 'p.adjust'
    normalize.one.ts: no visible global function definition for 'lm'
    normalize.one.ts: no visible binding for global variable 'na.exclude'
    normalize.one.ts: no visible global function definition for 'fitted'
    normalize.one.ts: no visible global function definition for 'coef'
    normalize.ts.matrix: no visible global function definition for 'lm'
    normalize.ts.matrix: no visible global function definition for 'fitted'
    normalize.ts.matrix: no visible global function definition for 'coef'
    Undefined global functions or variables:
     coef fitted lm na.exclude p.adjust pf residuals var
    Consider adding
     importFrom("stats", "coef", "fitted", "lm", "na.exclude", "p.adjust",
     "pf", "residuals", "var")
    to your NAMESPACE file.
Flavors: r-devel-linux-x86_64-debian-clang, r-devel-linux-x86_64-debian-gcc, r-devel-linux-x86_64-fedora-clang, r-devel-linux-x86_64-fedora-gcc, r-devel-windows-ix86+x86_64, r-devel-windows-ix86+x86_64-gcc8, r-patched-linux-x86_64, r-patched-solaris-x86, r-release-linux-x86_64, r-release-windows-ix86+x86_64, r-release-osx-x86_64, r-oldrel-windows-ix86+x86_64, r-oldrel-osx-x86_64