CRAN Package Check Results for Package ICAOD

Last updated on 2020-03-27 00:49:24 CET.

Flavor Version Tinstall Tcheck Ttotal Status Flags
r-devel-linux-x86_64-debian-clang 0.9.9 146.81 126.66 273.47 OK
r-devel-linux-x86_64-debian-gcc 0.9.9 92.94 90.52 183.46 OK
r-devel-linux-x86_64-fedora-clang 0.9.9 378.04 NOTE
r-devel-linux-x86_64-fedora-gcc 0.9.9 324.33 OK
r-devel-windows-ix86+x86_64 0.9.9 230.00 184.00 414.00 OK
r-devel-windows-ix86+x86_64-gcc8 0.9.9 274.00 187.00 461.00 OK
r-patched-linux-x86_64 0.9.9 116.59 110.70 227.29 OK
r-patched-solaris-x86 0.9.9 320.70 OK
r-release-linux-x86_64 0.9.9 112.83 111.89 224.72 OK
r-release-windows-ix86+x86_64 0.9.9 342.00 249.00 591.00 OK
r-release-osx-x86_64 0.9.9 NOTE
r-oldrel-windows-ix86+x86_64 0.9.9 276.00 237.00 513.00 OK
r-oldrel-osx-x86_64 0.9.9 NOTE

Check Details

Version: 0.9.9
Check: installed package size
Result: NOTE
     installed size is 8.3Mb
     sub-directories of 1Mb or more:
     libs 7.1Mb
Flavors: r-devel-linux-x86_64-fedora-clang, r-release-osx-x86_64, r-oldrel-osx-x86_64