Last updated on 2020-03-27 00:49:25 CET.
Flavor | Version | Tinstall | Tcheck | Ttotal | Status | Flags |
---|---|---|---|---|---|---|
r-devel-linux-x86_64-debian-clang | 0.2.2 | 12.57 | 220.14 | 232.71 | OK | |
r-devel-linux-x86_64-debian-gcc | 0.2.2 | 11.10 | 158.46 | 169.56 | OK | |
r-devel-linux-x86_64-fedora-clang | 0.2.2 | 286.31 | NOTE | |||
r-devel-linux-x86_64-fedora-gcc | 0.2.2 | 256.83 | OK | |||
r-devel-windows-ix86+x86_64 | 0.2.2 | 24.00 | 212.00 | 236.00 | OK | |
r-devel-windows-ix86+x86_64-gcc8 | 0.2.2 | 25.00 | 215.00 | 240.00 | NOTE | |
r-patched-linux-x86_64 | 0.2.2 | 12.11 | 195.81 | 207.92 | OK | |
r-patched-solaris-x86 | 0.2.2 | 347.60 | NOTE | |||
r-release-linux-x86_64 | 0.2.2 | 12.09 | 194.57 | 206.66 | OK | |
r-release-windows-ix86+x86_64 | 0.2.2 | 34.00 | 287.00 | 321.00 | OK | |
r-release-osx-x86_64 | 0.2.2 | NOTE | ||||
r-oldrel-windows-ix86+x86_64 | 0.2.2 | 25.00 | 271.00 | 296.00 | OK | |
r-oldrel-osx-x86_64 | 0.2.2 | OK |
Version: 0.2.2
Check: installed package size
Result: NOTE
installed size is 5.0Mb
sub-directories of 1Mb or more:
data 3.1Mb
help 1.6Mb
Flavors: r-devel-linux-x86_64-fedora-clang, r-devel-windows-ix86+x86_64-gcc8, r-patched-solaris-x86, r-release-osx-x86_64