Last updated on 2020-03-27 00:49:25 CET.
Flavor | Version | Tinstall | Tcheck | Ttotal | Status | Flags |
---|---|---|---|---|---|---|
r-devel-linux-x86_64-debian-clang | 0.8.1 | 17.59 | 143.91 | 161.50 | OK | |
r-devel-linux-x86_64-debian-gcc | 0.8.1 | 15.16 | 110.30 | 125.46 | OK | |
r-devel-linux-x86_64-fedora-clang | 0.8.1 | 207.57 | OK | |||
r-devel-linux-x86_64-fedora-gcc | 0.8.1 | 187.53 | OK | |||
r-devel-windows-ix86+x86_64 | 0.8.1 | 33.00 | 139.00 | 172.00 | OK | |
r-devel-windows-ix86+x86_64-gcc8 | 0.8.1 | 27.00 | 141.00 | 168.00 | OK | |
r-patched-linux-x86_64 | 0.8.1 | 15.79 | 124.93 | 140.72 | OK | |
r-patched-solaris-x86 | 0.8.1 | 282.90 | OK | |||
r-release-linux-x86_64 | 0.8.1 | 15.59 | 126.67 | 142.26 | OK | |
r-release-windows-ix86+x86_64 | 0.8.1 | 36.00 | 191.00 | 227.00 | OK | |
r-release-osx-x86_64 | 0.8.1 | FAIL | ||||
r-oldrel-windows-ix86+x86_64 | 0.8.1 | 24.00 | 180.00 | 204.00 | OK | |
r-oldrel-osx-x86_64 | 0.8.1 | OK |
Version: 0.8.1
Check: dependencies in R code
Result: FAIL
Flavor: r-release-osx-x86_64