Last updated on 2020-03-27 00:49:25 CET.
Flavor | Version | Tinstall | Tcheck | Ttotal | Status | Flags |
---|---|---|---|---|---|---|
r-devel-linux-x86_64-debian-clang | 0.1.0 | 12.60 | 107.69 | 120.29 | OK | |
r-devel-linux-x86_64-debian-gcc | 0.1.0 | 11.26 | 80.09 | 91.35 | OK | |
r-devel-linux-x86_64-fedora-clang | 0.1.0 | 151.79 | OK | |||
r-devel-linux-x86_64-fedora-gcc | 0.1.0 | 134.41 | OK | |||
r-devel-windows-ix86+x86_64 | 0.1.0 | 30.00 | 106.00 | 136.00 | OK | |
r-devel-windows-ix86+x86_64-gcc8 | 0.1.0 | 33.00 | 105.00 | 138.00 | OK | |
r-patched-linux-x86_64 | 0.1.0 | 10.08 | 92.42 | 102.50 | OK | |
r-patched-solaris-x86 | 0.1.0 | 221.20 | OK | |||
r-release-linux-x86_64 | 0.1.0 | 10.31 | 94.09 | 104.40 | OK | |
r-release-windows-ix86+x86_64 | 0.1.0 | 27.00 | 167.00 | 194.00 | OK | |
r-release-osx-x86_64 | 0.1.0 | OK | ||||
r-oldrel-windows-ix86+x86_64 | 0.1.0 | 31.00 | 183.00 | 214.00 | WARN | |
r-oldrel-osx-x86_64 | 0.1.0 | OK |
Version: 0.1.0
Check: whether package can be installed
Result: WARN
Found the following significant warnings:
Warning: S3 methods 'complete.data.frame', 'complete.default', 'complete_.data.frame', 'drop_na.data.frame', 'drop_na.default', 'drop_na_.data.frame', 'expand.data.frame', 'expand.default', 'expand.grouped_df', 'expand_.data.frame', 'extract.data.frame', 'extract.default', 'extract_.data.frame', 'fill.data.frame', 'fill.default', 'fill_.data.frame', 'full_seq.Date', 'full_seq.POSIXct', 'full_seq.numeric', 'gather.data.frame', 'gather.default', 'gather_.data.frame', 'nest.data.frame', 'nest.grouped_df', 'nest.tbl_df', 'nest_legacy.data.frame', 'nest_legacy.tbl_df', 'replace_na.data.frame', 'replace_na.default', 'separate.data.frame', 'separate.default', 'separate_.data.frame', 'separate_rows.data.frame', 'separate_rows.default', 'separate_rows_.data.frame', 'spread.data.frame', 'spread.default', 'spread_.data.frame', 'unite.data.frame', 'unite.default', 'unite_.data.frame', 'unnest.data.frame', 'unnest_legacy.data.frame' were declared in NAMESPACE but not found
Flavor: r-oldrel-windows-ix86+x86_64