Last updated on 2020-03-27 00:49:25 CET.
Flavor | Version | Tinstall | Tcheck | Ttotal | Status | Flags |
---|---|---|---|---|---|---|
r-devel-linux-x86_64-debian-clang | 2.2 | 19.28 | 86.89 | 106.17 | OK | |
r-devel-linux-x86_64-debian-gcc | 2.2 | 16.08 | 65.82 | 81.90 | OK | |
r-devel-linux-x86_64-fedora-clang | 2.2 | 125.62 | NOTE | |||
r-devel-linux-x86_64-fedora-gcc | 2.2 | 120.35 | NOTE | |||
r-devel-windows-ix86+x86_64 | 2.2 | 30.00 | 88.00 | 118.00 | OK | |
r-devel-windows-ix86+x86_64-gcc8 | 2.2 | 35.00 | 92.00 | 127.00 | OK | |
r-patched-linux-x86_64 | 2.2 | 14.60 | 76.47 | 91.07 | OK | |
r-patched-solaris-x86 | 2.2 | 155.70 | NOTE | |||
r-release-linux-x86_64 | 2.2 | 14.21 | 76.25 | 90.46 | OK | |
r-release-windows-ix86+x86_64 | 2.2 | 38.00 | 114.00 | 152.00 | OK | |
r-release-osx-x86_64 | 2.2 | FAIL | ||||
r-oldrel-windows-ix86+x86_64 | 2.2 | 33.00 | 137.00 | 170.00 | OK | |
r-oldrel-osx-x86_64 | 2.2 | NOTE |
Version: 2.2
Check: dependencies in R code
Result: NOTE
Namespace in Imports field not imported from: ‘stinepack’
All declared Imports should be used.
Flavors: r-devel-linux-x86_64-fedora-clang, r-devel-linux-x86_64-fedora-gcc, r-patched-solaris-x86, r-oldrel-osx-x86_64
Version: 2.2
Check: dependencies in R code
Result: FAIL
Flavor: r-release-osx-x86_64