Last updated on 2020-03-27 00:49:25 CET.
Flavor | Version | Tinstall | Tcheck | Ttotal | Status | Flags |
---|---|---|---|---|---|---|
r-devel-linux-x86_64-debian-clang | 1.1.0 | 51.79 | 238.99 | 290.78 | NOTE | |
r-devel-linux-x86_64-debian-gcc | 1.1.0 | 37.12 | 177.40 | 214.52 | NOTE | |
r-devel-linux-x86_64-fedora-clang | 1.1.0 | 360.12 | NOTE | |||
r-devel-linux-x86_64-fedora-gcc | 1.1.0 | 335.22 | NOTE | |||
r-devel-windows-ix86+x86_64 | 1.1.0 | 36.00 | 6.00 | 42.00 | ERROR | |
r-devel-windows-ix86+x86_64-gcc8 | 1.1.0 | 93.00 | 305.00 | 398.00 | NOTE | |
r-patched-linux-x86_64 | 1.1.0 | 37.81 | 199.46 | 237.27 | NOTE | |
r-patched-solaris-x86 | 1.1.0 | 487.30 | NOTE | |||
r-release-linux-x86_64 | 1.1.0 | 38.23 | 201.47 | 239.70 | NOTE | |
r-release-windows-ix86+x86_64 | 1.1.0 | 150.00 | 397.00 | 547.00 | NOTE | |
r-release-osx-x86_64 | 1.1.0 | ERROR | ||||
r-oldrel-windows-ix86+x86_64 | 1.1.0 | 9.00 | 7.00 | 16.00 | ERROR | |
r-oldrel-osx-x86_64 | 1.1.0 | NOTE |
Version: 1.1.0
Check: R code for possible problems
Result: NOTE
getGO: no visible global function definition for 'new'
getGO: no visible global function definition for 'getGeneric'
graph.kd: no visible global function definition for 'as'
Undefined global functions or variables:
as getGeneric new
Consider adding
importFrom("methods", "as", "getGeneric", "new")
to your NAMESPACE file (and ensure that your DESCRIPTION Imports field
contains 'methods').
Flavors: r-devel-linux-x86_64-debian-clang, r-devel-linux-x86_64-debian-gcc, r-devel-linux-x86_64-fedora-clang, r-devel-linux-x86_64-fedora-gcc, r-devel-windows-ix86+x86_64-gcc8, r-patched-linux-x86_64, r-patched-solaris-x86, r-release-linux-x86_64, r-release-windows-ix86+x86_64, r-oldrel-osx-x86_64
Version: 1.1.0
Check: compiled code
Result: NOTE
File ‘LANDD/libs/LANDD.so’:
Found no calls to: ‘R_registerRoutines’, ‘R_useDynamicSymbols’
It is good practice to register native routines and to disable symbol
search.
See ‘Writing portable packages’ in the ‘Writing R Extensions’ manual.
Flavors: r-devel-linux-x86_64-fedora-clang, r-devel-linux-x86_64-fedora-gcc
Version: 1.1.0
Check: whether package can be installed
Result: ERROR
Installation failed.
Flavors: r-devel-windows-ix86+x86_64, r-release-osx-x86_64, r-oldrel-windows-ix86+x86_64