CRAN Package Check Results for Package LCAvarsel

Last updated on 2020-03-27 00:49:25 CET.

Flavor Version Tinstall Tcheck Ttotal Status Flags
r-devel-linux-x86_64-debian-clang 1.1 3.26 32.99 36.25 OK
r-devel-linux-x86_64-debian-gcc 1.1 2.85 25.41 28.26 OK
r-devel-linux-x86_64-fedora-clang 1.1 46.37 NOTE
r-devel-linux-x86_64-fedora-gcc 1.1 42.16 NOTE
r-devel-windows-ix86+x86_64 1.1 5.00 43.00 48.00 OK
r-devel-windows-ix86+x86_64-gcc8 1.1 7.00 47.00 54.00 OK
r-patched-linux-x86_64 1.1 3.06 31.36 34.42 OK
r-patched-solaris-x86 1.1 69.90 NOTE
r-release-linux-x86_64 1.1 2.87 31.26 34.13 OK
r-release-windows-ix86+x86_64 1.1 9.00 62.00 71.00 OK
r-release-osx-x86_64 1.1 NOTE
r-oldrel-windows-ix86+x86_64 1.1 6.00 60.00 66.00 OK
r-oldrel-osx-x86_64 1.1 NOTE

Check Details

Version: 1.1
Check: dependencies in R code
Result: NOTE
    Namespace in Imports field not imported from: ‘doParallel’
     All declared Imports should be used.
Flavors: r-devel-linux-x86_64-fedora-clang, r-devel-linux-x86_64-fedora-gcc, r-patched-solaris-x86, r-release-osx-x86_64, r-oldrel-osx-x86_64