Last updated on 2020-03-27 00:49:26 CET.
Flavor | Version | Tinstall | Tcheck | Ttotal | Status | Flags |
---|---|---|---|---|---|---|
r-devel-linux-x86_64-debian-clang | 1.1.0 | 2.97 | 58.28 | 61.25 | OK | |
r-devel-linux-x86_64-debian-gcc | 1.1.0 | 2.22 | 41.16 | 43.38 | OK | |
r-devel-linux-x86_64-fedora-clang | 1.1.0 | 75.60 | OK | |||
r-devel-linux-x86_64-fedora-gcc | 1.1.0 | 67.42 | OK | |||
r-devel-windows-ix86+x86_64 | 1.1.0 | 7.00 | 61.00 | 68.00 | OK | |
r-devel-windows-ix86+x86_64-gcc8 | 1.1.0 | 8.00 | 63.00 | 71.00 | OK | |
r-patched-linux-x86_64 | 1.1.0 | 2.21 | 50.38 | 52.59 | OK | |
r-patched-solaris-x86 | 1.1.0 | 99.10 | OK | |||
r-release-linux-x86_64 | 1.1.0 | 1.90 | 50.43 | 52.33 | OK | |
r-release-windows-ix86+x86_64 | 1.1.0 | 7.00 | 87.00 | 94.00 | OK | |
r-release-osx-x86_64 | 1.1.0 | ERROR | ||||
r-oldrel-windows-ix86+x86_64 | 1.1.0 | 6.00 | 86.00 | 92.00 | OK | |
r-oldrel-osx-x86_64 | 1.1.0 | OK |
Version: 1.1.0
Check: package dependencies
Result: NOTE
Package suggested but not available for checking: ‘interval’
Flavor: r-release-osx-x86_64
Version: 1.1.0
Check: examples
Result: ERROR
Running examples in ‘LTRCtrees-Ex.R’ failed
The error most likely occurred in:
> ### Name: ICtree
> ### Title: Fit a survival tree for interval-censored survival data
> ### Aliases: ICtree
>
> ### ** Examples
>
> library(interval)
Error in library(interval) : there is no package called ‘interval’
Execution halted
Flavor: r-release-osx-x86_64
Version: 1.1.0
Check: re-building of vignette outputs
Result: WARN
Error(s) in re-building vignettes:
...
--- re-building ‘LTRCtrees.Rmd’ using rmarkdown
Warning in engine$weave(file, quiet = quiet, encoding = enc) :
Pandoc (>= 1.12.3) and/or pandoc-citeproc not available. Falling back to R Markdown v1.
Warning in min(diff(sort(ux))) :
no non-missing arguments to min; returning Inf
Quitting from lines 199-207 (LTRCtrees.Rmd)
Error: processing vignette 'LTRCtrees.Rmd' failed with diagnostics:
there is no package called 'interval'
--- failed re-building ‘LTRCtrees.Rmd’
SUMMARY: processing the following file failed:
‘LTRCtrees.Rmd’
Error: Vignette re-building failed.
Execution halted
Flavor: r-release-osx-x86_64