Last updated on 2020-03-27 00:49:26 CET.
Flavor | Version | Tinstall | Tcheck | Ttotal | Status | Flags |
---|---|---|---|---|---|---|
r-devel-linux-x86_64-debian-clang | 1.1.0 | 9.61 | 81.44 | 91.05 | OK | |
r-devel-linux-x86_64-debian-gcc | 1.1.0 | 7.66 | 62.84 | 70.50 | OK | |
r-devel-linux-x86_64-fedora-clang | 1.1.0 | 122.47 | OK | |||
r-devel-linux-x86_64-fedora-gcc | 1.1.0 | 108.54 | OK | |||
r-devel-windows-ix86+x86_64 | 1.1.0 | 19.00 | 86.00 | 105.00 | OK | |
r-devel-windows-ix86+x86_64-gcc8 | 1.1.0 | 15.00 | 94.00 | 109.00 | OK | |
r-patched-linux-x86_64 | 1.1.0 | 8.72 | 72.54 | 81.26 | OK | |
r-patched-solaris-x86 | 1.1.0 | 163.30 | OK | |||
r-release-linux-x86_64 | 1.1.0 | 8.57 | 72.82 | 81.39 | OK | |
r-release-windows-ix86+x86_64 | 1.1.0 | 23.00 | 120.00 | 143.00 | OK | |
r-release-osx-x86_64 | 1.1.0 | FAIL | ||||
r-oldrel-windows-ix86+x86_64 | 1.1.0 | 13.00 | 116.00 | 129.00 | OK | |
r-oldrel-osx-x86_64 | 1.1.0 | OK |
Version: 1.1.0
Check: whether package can be installed
Result: FAIL
Flavor: r-release-osx-x86_64