CRAN Package Check Results for Package LambertW

Last updated on 2020-03-27 00:49:25 CET.

Flavor Version Tinstall Tcheck Ttotal Status Flags
r-devel-linux-x86_64-debian-clang 0.6.4 68.99 364.94 433.93 WARN
r-devel-linux-x86_64-debian-gcc 0.6.4 41.68 268.98 310.66 OK
r-devel-linux-x86_64-fedora-clang 0.6.4 568.44 WARN
r-devel-linux-x86_64-fedora-gcc 0.6.4 575.91 NOTE
r-devel-windows-ix86+x86_64 0.6.4 117.00 182.00 299.00 OK
r-devel-windows-ix86+x86_64-gcc8 0.6.4 123.00 192.00 315.00 OK
r-patched-linux-x86_64 0.6.4 50.49 340.63 391.12 OK
r-patched-solaris-x86 0.6.4 904.30 OK
r-release-linux-x86_64 0.6.4 50.93 327.15 378.08 OK
r-release-windows-ix86+x86_64 0.6.4 175.00 239.00 414.00 OK
r-release-osx-x86_64 0.6.4 WARN
r-oldrel-windows-ix86+x86_64 0.6.4 140.00 298.00 438.00 OK
r-oldrel-osx-x86_64 0.6.4 WARN

Check Details

Version: 0.6.4
Check: whether package can be installed
Result: WARN
    Found the following significant warnings:
     W_gamma_Cpp.cpp:14:39: warning: explicitly assigning value of variable of type 'int' to itself [-Wself-assign]
Flavors: r-devel-linux-x86_64-debian-clang, r-devel-linux-x86_64-fedora-clang, r-release-osx-x86_64, r-oldrel-osx-x86_64

Version: 0.6.4
Check: compiled code
Result: NOTE
    File ‘LambertW/libs/LambertW.so’:
     Found no calls to: ‘R_registerRoutines’, ‘R_useDynamicSymbols’
    
    It is good practice to register native routines and to disable symbol
    search.
    
    See ‘Writing portable packages’ in the ‘Writing R Extensions’ manual.
Flavors: r-devel-linux-x86_64-fedora-clang, r-devel-linux-x86_64-fedora-gcc