Last updated on 2020-03-27 00:49:26 CET.
Flavor | Version | Tinstall | Tcheck | Ttotal | Status | Flags |
---|---|---|---|---|---|---|
r-devel-linux-x86_64-debian-clang | 1.0.0 | 4.28 | 29.74 | 34.02 | OK | |
r-devel-linux-x86_64-debian-gcc | 1.0.0 | 3.79 | 22.84 | 26.63 | OK | |
r-devel-linux-x86_64-fedora-clang | 1.0.0 | 47.22 | OK | |||
r-devel-linux-x86_64-fedora-gcc | 1.0.0 | 40.31 | OK | |||
r-devel-windows-ix86+x86_64 | 1.0.0 | 11.00 | 41.00 | 52.00 | OK | |
r-devel-windows-ix86+x86_64-gcc8 | 1.0.0 | 10.00 | 40.00 | 50.00 | OK | |
r-patched-linux-x86_64 | 1.0.0 | 3.57 | 26.47 | 30.04 | OK | |
r-patched-solaris-x86 | 1.0.0 | 57.90 | OK | |||
r-release-linux-x86_64 | 1.0.0 | 4.57 | 26.63 | 31.20 | OK | |
r-release-windows-ix86+x86_64 | 1.0.0 | 12.00 | 58.00 | 70.00 | OK | |
r-release-osx-x86_64 | 1.0.0 | FAIL | ||||
r-oldrel-windows-ix86+x86_64 | 1.0.0 | 9.00 | 59.00 | 68.00 | OK | |
r-oldrel-osx-x86_64 | 1.0.0 | OK |
Version: 1.0.0
Check: dependencies in R code
Result: FAIL
Flavor: r-release-osx-x86_64