CRAN Package Check Results for Package Lock5Data

Last updated on 2020-03-27 00:49:26 CET.

Flavor Version Tinstall Tcheck Ttotal Status Flags
r-devel-linux-x86_64-debian-clang 2.8 3.39 23.68 27.07 OK
r-devel-linux-x86_64-debian-gcc 2.8 3.13 18.62 21.75 OK
r-devel-linux-x86_64-fedora-clang 2.8 37.58 NOTE
r-devel-linux-x86_64-fedora-gcc 2.8 33.55 NOTE
r-devel-windows-ix86+x86_64 2.8 10.00 63.00 73.00 OK
r-devel-windows-ix86+x86_64-gcc8 2.8 10.00 39.00 49.00 OK
r-patched-linux-x86_64 2.8 3.09 21.72 24.81 OK
r-patched-solaris-x86 2.8 44.90 NOTE
r-release-linux-x86_64 2.8 3.28 22.04 25.32 OK
r-release-windows-ix86+x86_64 2.8 9.00 62.00 71.00 OK
r-release-osx-x86_64 2.8 NOTE
r-oldrel-windows-ix86+x86_64 2.8 8.00 37.00 45.00 OK
r-oldrel-osx-x86_64 2.8 NOTE

Check Details

Version: 2.8
Check: data for non-ASCII characters
Result: NOTE
     Note: found 23 marked UTF-8 strings
Flavors: r-devel-linux-x86_64-fedora-clang, r-devel-linux-x86_64-fedora-gcc, r-patched-solaris-x86, r-release-osx-x86_64, r-oldrel-osx-x86_64