Last updated on 2020-03-27 00:49:26 CET.
Flavor | Version | Tinstall | Tcheck | Ttotal | Status | Flags |
---|---|---|---|---|---|---|
r-devel-linux-x86_64-debian-clang | 0.9.7 | 104.01 | 350.59 | 454.60 | OK | |
r-devel-linux-x86_64-debian-gcc | 0.9.7 | 71.72 | 255.55 | 327.27 | OK | |
r-devel-linux-x86_64-fedora-clang | 0.9.7 | 578.33 | NOTE | |||
r-devel-linux-x86_64-fedora-gcc | 0.9.7 | 510.73 | OK | |||
r-devel-windows-ix86+x86_64 | 0.9.7 | 151.00 | 458.00 | 609.00 | NOTE | |
r-devel-windows-ix86+x86_64-gcc8 | 0.9.7 | 173.00 | 480.00 | 653.00 | NOTE | |
r-patched-linux-x86_64 | 0.9.7 | 79.65 | 300.00 | 379.65 | OK | |
r-patched-solaris-x86 | 0.9.7 | 615.80 | NOTE | |||
r-release-linux-x86_64 | 0.9.7 | 81.12 | 299.79 | 380.91 | OK | |
r-release-windows-ix86+x86_64 | 0.9.7 | 220.00 | 618.00 | 838.00 | NOTE | |
r-release-osx-x86_64 | 0.9.7 | NOTE | ||||
r-oldrel-windows-ix86+x86_64 | 0.9.7 | 202.00 | 542.00 | 744.00 | NOTE | |
r-oldrel-osx-x86_64 | 0.9.7 | NOTE |
Version: 0.9.7
Check: installed package size
Result: NOTE
installed size is 6.3Mb
sub-directories of 1Mb or more:
R 1.6Mb
help 1.1Mb
libs 2.0Mb
Flavors: r-devel-linux-x86_64-fedora-clang, r-devel-windows-ix86+x86_64, r-devel-windows-ix86+x86_64-gcc8, r-patched-solaris-x86, r-release-windows-ix86+x86_64, r-release-osx-x86_64, r-oldrel-windows-ix86+x86_64, r-oldrel-osx-x86_64