CRAN Package Check Results for Package MixfMRI

Last updated on 2020-03-27 00:49:27 CET.

Flavor Version Tinstall Tcheck Ttotal Status Flags
r-devel-linux-x86_64-debian-clang 0.1-0 14.86 98.60 113.46 OK
r-devel-linux-x86_64-debian-gcc 0.1-0 10.50 74.39 84.89 OK
r-devel-linux-x86_64-fedora-clang 0.1-0 146.48 OK
r-devel-linux-x86_64-fedora-gcc 0.1-0 133.29 OK
r-devel-windows-ix86+x86_64 0.1-0 26.00 141.00 167.00 OK
r-devel-windows-ix86+x86_64-gcc8 0.1-0 24.00 141.00 165.00 OK
r-patched-linux-x86_64 0.1-0 12.03 87.71 99.74 OK
r-patched-solaris-x86 0.1-0 189.70 OK
r-release-linux-x86_64 0.1-0 12.74 88.20 100.94 OK
r-release-windows-ix86+x86_64 0.1-0 29.00 147.00 176.00 OK
r-release-osx-x86_64 0.1-0 NOTE
r-oldrel-windows-ix86+x86_64 0.1-0 29.00 174.00 203.00 OK
r-oldrel-osx-x86_64 0.1-0 NOTE

Check Details

Version: 0.1-0
Check: package dependencies
Result: NOTE
    Package which this enhances but not available for checking: ‘pbdMPI’
Flavors: r-release-osx-x86_64, r-oldrel-osx-x86_64