Last updated on 2020-03-27 00:49:28 CET.
Flavor | Version | Tinstall | Tcheck | Ttotal | Status | Flags |
---|---|---|---|---|---|---|
r-devel-linux-x86_64-debian-clang | 2.8 | 272.35 | 172.93 | 445.28 | OK | |
r-devel-linux-x86_64-debian-gcc | 2.8 | 175.43 | 131.64 | 307.07 | OK | |
r-devel-linux-x86_64-fedora-clang | 2.8 | 615.42 | NOTE | |||
r-devel-linux-x86_64-fedora-gcc | 2.8 | 536.13 | OK | |||
r-devel-windows-ix86+x86_64 | 2.8 | 433.00 | 272.00 | 705.00 | NOTE | |
r-devel-windows-ix86+x86_64-gcc8 | 2.7 | 522.00 | 273.00 | 795.00 | NOTE | |
r-patched-linux-x86_64 | 2.8 | 206.43 | 153.58 | 360.01 | OK | |
r-patched-solaris-x86 | 2.8 | 514.50 | OK | |||
r-release-linux-x86_64 | 2.8 | 211.11 | 153.06 | 364.17 | OK | |
r-release-windows-ix86+x86_64 | 2.8 | 648.00 | 369.00 | 1017.00 | NOTE | |
r-release-osx-x86_64 | 2.8 | WARN | ||||
r-oldrel-windows-ix86+x86_64 | 2.8 | 541.00 | 344.00 | 885.00 | NOTE | |
r-oldrel-osx-x86_64 | 2.8 | WARN |
Version: 2.8
Check: installed package size
Result: NOTE
installed size is 13.5Mb
sub-directories of 1Mb or more:
data 2.0Mb
libs 9.9Mb
Flavors: r-devel-linux-x86_64-fedora-clang, r-devel-windows-ix86+x86_64, r-release-windows-ix86+x86_64, r-release-osx-x86_64, r-oldrel-windows-ix86+x86_64, r-oldrel-osx-x86_64
Version: 2.7
Check: installed package size
Result: NOTE
installed size is 6.7Mb
sub-directories of 1Mb or more:
data 2.0Mb
libs 3.1Mb
Flavor: r-devel-windows-ix86+x86_64-gcc8
Version: 2.8
Check: whether package can be installed
Result: WARN
Found the following significant warnings:
Warning: 'rgl.init' failed, running with 'rgl.useNULL = TRUE'.
Flavors: r-release-osx-x86_64, r-oldrel-osx-x86_64