Last updated on 2020-03-27 00:49:29 CET.
Flavor | Version | Tinstall | Tcheck | Ttotal | Status | Flags |
---|---|---|---|---|---|---|
r-devel-linux-x86_64-debian-clang | 0.1.0 | 7.87 | 79.72 | 87.59 | OK | |
r-devel-linux-x86_64-debian-gcc | 0.1.0 | 5.65 | 60.70 | 66.35 | OK | |
r-devel-linux-x86_64-fedora-clang | 0.1.0 | 102.95 | NOTE | |||
r-devel-linux-x86_64-fedora-gcc | 0.1.0 | 99.88 | NOTE | |||
r-devel-windows-ix86+x86_64 | 0.1.0 | 12.00 | 81.00 | 93.00 | OK | |
r-devel-windows-ix86+x86_64-gcc8 | 0.1.0 | 13.00 | 84.00 | 97.00 | OK | |
r-patched-linux-x86_64 | 0.1.0 | 5.62 | 72.33 | 77.95 | OK | |
r-release-linux-x86_64 | 0.1.0 | 5.14 | 71.80 | 76.94 | OK | |
r-release-windows-ix86+x86_64 | 0.1.0 | 16.00 | 116.00 | 132.00 | OK | |
r-release-osx-x86_64 | 0.1.0 | NOTE | ||||
r-oldrel-windows-ix86+x86_64 | 0.1.0 | 14.00 | 124.00 | 138.00 | OK | |
r-oldrel-osx-x86_64 | 0.1.0 | NOTE |
Version: 0.1.0
Check: dependencies in R code
Result: NOTE
Namespace in Imports field not imported from: ‘rJava’
All declared Imports should be used.
Flavors: r-devel-linux-x86_64-fedora-clang, r-devel-linux-x86_64-fedora-gcc, r-release-osx-x86_64, r-oldrel-osx-x86_64