Last updated on 2020-03-27 00:49:29 CET.
Flavor | Version | Tinstall | Tcheck | Ttotal | Status | Flags |
---|---|---|---|---|---|---|
r-devel-linux-x86_64-debian-clang | 0.2-1 | 3.35 | 25.26 | 28.61 | OK | |
r-devel-linux-x86_64-debian-gcc | 0.2-1 | 2.52 | 19.32 | 21.84 | OK | |
r-devel-windows-ix86+x86_64 | 0.1-3.1 | 3.00 | 3.00 | 6.00 | ERROR | |
r-devel-windows-ix86+x86_64-gcc8 | 0.1-3.1 | 1.00 | 3.00 | 4.00 | ERROR | |
r-patched-linux-x86_64 | 0.2-1 | 2.37 | 23.68 | 26.05 | OK | |
r-release-linux-x86_64 | 0.2-1 | 2.41 | 23.50 | 25.91 | OK | |
r-release-osx-x86_64 | 0.2-1 | ERROR | ||||
r-oldrel-windows-ix86+x86_64 | 0.1-3 | 1.00 | 3.00 | 4.00 | ERROR | |
r-oldrel-osx-x86_64 | 0.2-1 | ERROR |
Version: 0.1-3.1
Check: whether package can be installed
Result: ERROR
Installation failed.
Flavors: r-devel-windows-ix86+x86_64, r-devel-windows-ix86+x86_64-gcc8
Version: 0.2-1
Check: whether package can be installed
Result: ERROR
Installation failed.
Flavors: r-release-osx-x86_64, r-oldrel-osx-x86_64
Version: 0.1-3
Check: whether package can be installed
Result: ERROR
Installation failed.
Flavor: r-oldrel-windows-ix86+x86_64