Last updated on 2020-03-27 00:49:29 CET.
Flavor | Version | Tinstall | Tcheck | Ttotal | Status | Flags |
---|---|---|---|---|---|---|
r-devel-linux-x86_64-debian-clang | 0.1.3 | 2.89 | 34.68 | 37.57 | OK | |
r-devel-linux-x86_64-debian-gcc | 0.1.3 | 2.37 | 25.61 | 27.98 | OK | |
r-devel-linux-x86_64-fedora-clang | 0.1.3 | 46.58 | NOTE | |||
r-devel-linux-x86_64-fedora-gcc | 0.1.3 | 42.30 | NOTE | |||
r-devel-windows-ix86+x86_64 | 0.1.3 | 10.00 | 46.00 | 56.00 | OK | |
r-devel-windows-ix86+x86_64-gcc8 | 0.1.3 | 9.00 | 41.00 | 50.00 | OK | |
r-patched-linux-x86_64 | 0.1.3 | 2.40 | 31.64 | 34.04 | OK | |
r-patched-solaris-x86 | 0.1.3 | 58.70 | NOTE | |||
r-release-linux-x86_64 | 0.1.3 | 2.13 | 31.80 | 33.93 | OK | |
r-release-windows-ix86+x86_64 | 0.1.3 | 18.00 | 62.00 | 80.00 | OK | |
r-release-osx-x86_64 | 0.1.3 | NOTE | ||||
r-oldrel-windows-ix86+x86_64 | 0.1.3 | 14.00 | 62.00 | 76.00 | OK | |
r-oldrel-osx-x86_64 | 0.1.3 | NOTE |
Version: 0.1.3
Check: dependencies in R code
Result: NOTE
Namespaces in Imports field not imported from:
‘boot’ ‘splines’
All declared Imports should be used.
Flavors: r-devel-linux-x86_64-fedora-clang, r-devel-linux-x86_64-fedora-gcc, r-patched-solaris-x86, r-release-osx-x86_64, r-oldrel-osx-x86_64