CRAN Package Check Results for Package PAFit

Last updated on 2020-03-27 00:49:29 CET.

Flavor Version Tinstall Tcheck Ttotal Status Flags
r-devel-linux-x86_64-debian-clang 1.0.1.8 43.04 194.92 237.96 OK
r-devel-linux-x86_64-debian-gcc 1.0.1.8 27.57 145.63 173.20 OK
r-devel-linux-x86_64-fedora-clang 1.0.1.8 287.07 OK
r-devel-linux-x86_64-fedora-gcc 1.0.1.8 259.54 OK
r-devel-windows-ix86+x86_64 1.0.1.8 65.00 254.00 319.00 OK
r-devel-windows-ix86+x86_64-gcc8 1.0.1.8 73.00 264.00 337.00 OK
r-patched-linux-x86_64 1.0.1.8 36.01 168.14 204.15 OK
r-patched-solaris-x86 1.0.1.8 359.10 OK
r-release-linux-x86_64 1.0.1.8 33.11 166.30 199.41 OK
r-release-windows-ix86+x86_64 1.0.1.8 94.00 362.00 456.00 OK
r-release-osx-x86_64 1.0.1.8 WARN
r-oldrel-windows-ix86+x86_64 1.0.1.8 91.00 377.00 468.00 OK
r-oldrel-osx-x86_64 1.0.1.8 OK

Check Details

Version: 1.0.1.8
Check: dependencies in R code
Result: NOTE
    No protocol specified
    No protocol specified
Flavor: r-release-osx-x86_64

Version: 1.0.1.8
Check: S3 generic/method consistency
Result: WARN
    No protocol specified
    No protocol specified
    See section ‘Generic functions and methods’ in the ‘Writing R
    Extensions’ manual.
Flavor: r-release-osx-x86_64

Version: 1.0.1.8
Check: replacement functions
Result: WARN
    No protocol specified
    No protocol specified
    The argument of a replacement function which corresponds to the right
    hand side must be named ‘value’.
Flavor: r-release-osx-x86_64

Version: 1.0.1.8
Check: foreign function calls
Result: NOTE
    No protocol specified
    No protocol specified
    See chapter ‘System and foreign language interfaces’ in the ‘Writing R
    Extensions’ manual.
Flavor: r-release-osx-x86_64

Version: 1.0.1.8
Check: R code for possible problems
Result: NOTE
    No protocol specified
    No protocol specified
Flavor: r-release-osx-x86_64

Version: 1.0.1.8
Check: for missing documentation entries
Result: WARN
    No protocol specified
    No protocol specified
    All user-level objects in a package should have documentation entries.
    See chapter ‘Writing R documentation files’ in the ‘Writing R
    Extensions’ manual.
Flavor: r-release-osx-x86_64

Version: 1.0.1.8
Check: for code/documentation mismatches
Result: WARN
    No protocol specified
    No protocol specified
    No protocol specified
    No protocol specified
    No protocol specified
    No protocol specified
Flavor: r-release-osx-x86_64

Version: 1.0.1.8
Check: Rd \usage sections
Result: NOTE
    No protocol specified
    No protocol specified
    The \usage entries for S3 methods should use the \method markup and not
    their full name.
    See chapter ‘Writing R documentation files’ in the ‘Writing R
    Extensions’ manual.
Flavor: r-release-osx-x86_64