Last updated on 2020-03-27 00:49:32 CET.
Flavor | Version | Tinstall | Tcheck | Ttotal | Status | Flags |
---|---|---|---|---|---|---|
r-devel-linux-x86_64-debian-clang | 0.1.0 | 1.75 | 17.34 | 19.09 | OK | |
r-devel-linux-x86_64-debian-gcc | 0.1.0 | 1.54 | 13.69 | 15.23 | OK | |
r-devel-linux-x86_64-fedora-clang | 0.1.0 | 24.71 | NOTE | |||
r-devel-linux-x86_64-fedora-gcc | 0.1.0 | 22.72 | NOTE | |||
r-devel-windows-ix86+x86_64 | 0.1.0 | 5.00 | 26.00 | 31.00 | OK | |
r-devel-windows-ix86+x86_64-gcc8 | 0.1.0 | 5.00 | 30.00 | 35.00 | OK | |
r-patched-linux-x86_64 | 0.1.0 | 1.36 | 15.89 | 17.25 | OK | |
r-patched-solaris-x86 | 0.1.0 | 39.60 | NOTE | |||
r-release-linux-x86_64 | 0.1.0 | 1.38 | 15.78 | 17.16 | OK | |
r-release-windows-ix86+x86_64 | 0.1.0 | 8.00 | 39.00 | 47.00 | OK | |
r-release-osx-x86_64 | 0.1.0 | NOTE | ||||
r-oldrel-windows-ix86+x86_64 | 0.1.0 | 6.00 | 47.00 | 53.00 | OK | |
r-oldrel-osx-x86_64 | 0.1.0 | NOTE |
Version: 0.1.0
Check: dependencies in R code
Result: NOTE
Namespaces in Imports field not imported from:
‘LaplacesDemon’ ‘epitools’ ‘rpivotTable’ ‘shiny’ ‘shinyMatrix’
All declared Imports should be used.
Flavors: r-devel-linux-x86_64-fedora-clang, r-devel-linux-x86_64-fedora-gcc, r-patched-solaris-x86, r-release-osx-x86_64, r-oldrel-osx-x86_64